{"id":8475,"date":"2021-07-25T20:17:06","date_gmt":"2021-07-25T18:17:06","guid":{"rendered":"https:\/\/www.teehaus-janssen.de\/product\/4201-bio-anis-gemahlen-40g\/"},"modified":"2025-09-30T10:11:48","modified_gmt":"2025-09-30T08:11:48","slug":"4201-bio-anis-gemahlen-40g","status":"publish","type":"product","link":"https:\/\/www.teehaus-janssen.de\/shop\/produkt\/4201-bio-anis-gemahlen-40g\/","title":{"rendered":"4201 &#8211; BIO ANIS- GEMAHLEN- 40g"},"content":{"rendered":"<p><strong><span class=\"JsGRdQ\">Intensiv fruchtig-s\u00fc\u00dflich, aromatischer Genuss.\u00a0Ideal f\u00fcr Backwaren und S\u00fc\u00dfspeisen.<\/span><\/strong><\/p>\n<p class=\"_04xlpA direction-ltr align-start para-style-body\"><span class=\"JsGRdQ\">Zutaten: Anis gemahlen\u00a0<\/span><span class=\"JsGRdQ\">aus \u00f6kologischem Landbau.\u00a0<\/span><span class=\"JsGRdQ\">Anis passt mit seinem\u00a0<\/span><span class=\"JsGRdQ\">fruchtig-s\u00fc\u00dflichen Aroma\u00a0<\/span><span class=\"JsGRdQ\">zu S\u00fc\u00dfspeisen,\u00a0<\/span><span class=\"JsGRdQ\">fruchtigen Gerichten und Geb\u00e4ck.<\/span><\/p>\n<p class=\"_04xlpA direction-ltr align-start para-style-body\"><img decoding=\"async\" class=\"alignnone size-large wp-image-34458\" src=\"https:\/\/www.teehaus-janssen.de\/shop\/wp-content\/uploads\/2025\/02\/3.png\" alt=\"\" \/><\/p>\n","protected":false},"excerpt":{"rendered":"<p><strong><span class=\"JsGRdQ\">Intensiv fruchtig-s\u00fc\u00dflich, aromatischer Genuss.\u00a0Ideal f\u00fcr Backwaren und S\u00fc\u00dfspeisen.<\/span><\/strong><\/p>\n<p class=\"_04xlpA direction-ltr align-start para-style-body\"><span class=\"JsGRdQ\">Zutaten: Anis gemahlen\u00a0<\/span><span class=\"JsGRdQ\">aus \u00f6kologischem Landbau.\u00a0<\/span><span class=\"JsGRdQ\">Anis passt mit seinem\u00a0<\/span><span class=\"JsGRdQ\">fruchtig-s\u00fc\u00dflichen Aroma\u00a0<\/span><span class=\"JsGRdQ\">zu S\u00fc\u00dfspeisen,\u00a0<\/span><span class=\"JsGRdQ\">fruchtigen Gerichten und Geb\u00e4ck.<\/span><\/p>\n<p class=\"_04xlpA direction-ltr align-start para-style-body\"><img decoding=\"async\" class=\"alignnone size-large wp-image-34458\" src=\"https:\/\/www.teehaus-janssen.de\/shop\/wp-content\/uploads\/2021\/01\/3-700x700.png\" alt=\"\" \/><\/p>\n","protected":false},"featured_media":8476,"template":"","meta":{"_acf_changed":false},"product_brand":[],"product_cat":[365],"product_tag":[433,432,434,394,419,421,414,429,428,378,401,400,390,403,423,424,431,430,408,427,410,409,412,426,425,417,418,420,393,413,415,416,387,388,379,391,402,389,422,404,406,407,396,395,405,411,386,392],"class_list":{"0":"post-8475","1":"product","2":"type-product","3":"status-publish","4":"has-post-thumbnail","6":"product_cat-4201-4370-neu-premium-bio-gewuerze-aus-aller-welt","7":"product_tag-anis-gemahlen","8":"product_tag-bio-anis","9":"product_tag-bio-anis-gemahlen","10":"product_tag-bio-bruschettagewuerz","11":"product_tag-bio-ceylon-zimt","12":"product_tag-bio-ceylon-zimt-gemahlen","13":"product_tag-bio-chai-gewuerz","14":"product_tag-bio-fenchel","15":"product_tag-bio-fenchel-gemahlen","16":"product_tag-bio-gewuerze","17":"product_tag-bio-knoblauch","18":"product_tag-bio-knoblauchpulver","19":"product_tag-bio-kraeuter","20":"product_tag-bio-kraeuter-der-provence","21":"product_tag-bio-kurkuma","22":"product_tag-bio-kurkuma-gemahlen","23":"product_tag-bio-majoran","24":"product_tag-bio-majoran-gerebelt","25":"product_tag-bio-muskatnuss-gemahlen","26":"product_tag-bio-petersilie-gerebelt","27":"product_tag-bio-pfeffer","28":"product_tag-bio-pfeffer-schwarz-gemahlen","29":"product_tag-bio-pizzakraeuter","30":"product_tag-bio-thymian","31":"product_tag-bio-thymian-gerebelt","32":"product_tag-bio-tzatziki-gewuerz","33":"product_tag-bio-zimt","34":"product_tag-bio-zimt-gemahlen","35":"product_tag-bruschetta-gewuerz","36":"product_tag-chai-gewuerz","37":"product_tag-chai-yogi","38":"product_tag-chai-yogi-teegewuerz","39":"product_tag-garam-masala","40":"product_tag-gartenkraeuter","41":"product_tag-gewuerze-zum-kochen","42":"product_tag-gluehweingewuerz","43":"product_tag-kraeuter-der-provence","44":"product_tag-kraeuter-fuer-dressings","45":"product_tag-kurkuma","46":"product_tag-lebkuchengewuerz","47":"product_tag-liebstoeckelkraut","48":"product_tag-muskatnuss","49":"product_tag-pasta-und-pomodoro","50":"product_tag-pasta-gewuerz","51":"product_tag-pfefferkuchengewuerz","52":"product_tag-pizza-kraeuter","53":"product_tag-premiumbio-gewuerze","54":"product_tag-punschgewuerz","55":"pa_menge-50-g","56":"pa_menge-100-g","57":"pa_menge-125-g","58":"pa_menge-250-g","59":"pa_menge-500-g","60":"pa_menge-1-kg","62":"first","63":"instock","64":"taxable","65":"shipping-taxable","66":"purchasable","67":"product-type-simple"},"acf":[],"_links":{"self":[{"href":"https:\/\/www.teehaus-janssen.de\/shop\/wp-json\/wp\/v2\/product\/8475","targetHints":{"allow":["GET"]}}],"collection":[{"href":"https:\/\/www.teehaus-janssen.de\/shop\/wp-json\/wp\/v2\/product"}],"about":[{"href":"https:\/\/www.teehaus-janssen.de\/shop\/wp-json\/wp\/v2\/types\/product"}],"wp:featuredmedia":[{"embeddable":true,"href":"https:\/\/www.teehaus-janssen.de\/shop\/wp-json\/wp\/v2\/media\/8476"}],"wp:attachment":[{"href":"https:\/\/www.teehaus-janssen.de\/shop\/wp-json\/wp\/v2\/media?parent=8475"}],"wp:term":[{"taxonomy":"product_brand","embeddable":true,"href":"https:\/\/www.teehaus-janssen.de\/shop\/wp-json\/wp\/v2\/product_brand?post=8475"},{"taxonomy":"product_cat","embeddable":true,"href":"https:\/\/www.teehaus-janssen.de\/shop\/wp-json\/wp\/v2\/product_cat?post=8475"},{"taxonomy":"product_tag","embeddable":true,"href":"https:\/\/www.teehaus-janssen.de\/shop\/wp-json\/wp\/v2\/product_tag?post=8475"}],"curies":[{"name":"wp","href":"https:\/\/api.w.org\/{rel}","templated":true}]}}

<p><strong><span class="JsGRdQ">Intensiv fruchtig-süßlich, aromatischer Genuss. Ideal für Backwaren und Süßspeisen.</span></strong></p>
<p class="_04xlpA direction-ltr align-start para-style-body"><span class="JsGRdQ">Zutaten: Anis gemahlen </span><span class="JsGRdQ">aus ökologischem Landbau. </span><span class="JsGRdQ">Anis passt mit seinem </span><span class="JsGRdQ">fruchtig-süßlichen Aroma </span><span class="JsGRdQ">zu Süßspeisen, </span><span class="JsGRdQ">fruchtigen Gerichten und Gebäck.</span></p>
<p class="_04xlpA direction-ltr align-start para-style-body"><img decoding="async" class="alignnone size-large wp-image-34458" src="https://www.teehaus-janssen.de/shop/wp-content/uploads/2025/02/3.png" alt="" /></p>

<p><strong><span class="JsGRdQ">Intensiv fruchtig-süßlich, aromatischer Genuss. Ideal für Backwaren und Süßspeisen.</span></strong></p>
<p class="_04xlpA direction-ltr align-start para-style-body"><span class="JsGRdQ">Zutaten: Anis gemahlen </span><span class="JsGRdQ">aus ökologischem Landbau. </span><span class="JsGRdQ">Anis passt mit seinem </span><span class="JsGRdQ">fruchtig-süßlichen Aroma </span><span class="JsGRdQ">zu Süßspeisen, </span><span class="JsGRdQ">fruchtigen Gerichten und Gebäck.</span></p>
<p class="_04xlpA direction-ltr align-start para-style-body"><img decoding="async" class="alignnone size-large wp-image-34458" src="https://www.teehaus-janssen.de/shop/wp-content/uploads/2021/01/3-700x700.png" alt="" /></p>
