{"id":8469,"date":"2021-07-25T20:06:55","date_gmt":"2021-07-25T18:06:55","guid":{"rendered":"https:\/\/www.teehaus-janssen.de\/product\/4225-bio-fenchel-gemahlen-40g\/"},"modified":"2025-09-30T10:11:41","modified_gmt":"2025-09-30T08:11:41","slug":"4225-bio-fenchel-gemahlen-40g","status":"publish","type":"product","link":"https:\/\/www.teehaus-janssen.de\/shop\/produkt\/4225-bio-fenchel-gemahlen-40g\/","title":{"rendered":"4225 &#8211; BIO FENCHEL- GEMAHLEN- 40g"},"content":{"rendered":"<p class=\"_04xlpA direction-ltr align-start para-style-body\"><strong><span class=\"JsGRdQ\">Ideal f\u00fcr Brot- und Backwaren, Kompott, Rote Bete und Fisch.<\/span><\/strong><\/p>\n<p class=\"_04xlpA direction-ltr align-start para-style-body\"><span class=\"JsGRdQ\">Zutaten: Fenchel gemahlen\u00a0<\/span><span class=\"JsGRdQ\">aus \u00f6kologischem Landbau.\u00a0<\/span><span class=\"JsGRdQ\">Das intensiv schmeckende,\u00a0<\/span><span class=\"JsGRdQ\">s\u00fc\u00dflich-w\u00fcrzige Pulver immer\u00a0<\/span><span class=\"JsGRdQ\">erst am Ende zu den\u00a0<\/span><span class=\"JsGRdQ\">Speisen geben.<\/span><\/p>\n<p><img decoding=\"async\" class=\"alignnone size-large wp-image-34458\" src=\"https:\/\/www.teehaus-janssen.de\/shop\/wp-content\/uploads\/2025\/02\/3.png\" alt=\"\" \/><\/p>\n","protected":false},"excerpt":{"rendered":"<p class=\"_04xlpA direction-ltr align-start para-style-body\"><strong><span class=\"JsGRdQ\">Ideal f\u00fcr Brot- und Backwaren, Kompott, Rote Bete und Fisch.<\/span><\/strong><\/p>\n<p class=\"_04xlpA direction-ltr align-start para-style-body\"><span class=\"JsGRdQ\">Zutaten: Fenchel gemahlen\u00a0<\/span><span class=\"JsGRdQ\">aus \u00f6kologischem Landbau.\u00a0<\/span><span class=\"JsGRdQ\">Das intensiv schmeckende,\u00a0<\/span><span class=\"JsGRdQ\">s\u00fc\u00dflich-w\u00fcrzige Pulver immer\u00a0<\/span><span class=\"JsGRdQ\">erst am Ende zu den\u00a0<\/span><span class=\"JsGRdQ\">Speisen geben.<\/span><\/p>\n<p><img decoding=\"async\" class=\"alignnone size-large wp-image-34458\" src=\"https:\/\/www.teehaus-janssen.de\/shop\/wp-content\/uploads\/2021\/01\/3-700x700.png\" alt=\"\" \/><\/p>\n","protected":false},"featured_media":8470,"template":"","meta":{"_acf_changed":false},"product_brand":[],"product_cat":[365],"product_tag":[394,419,421,414,429,428,378,401,400,390,403,423,424,408,427,410,409,412,426,425,417,418,420,393,413,415,416,387,388,379,391,402,389,422,404,406,407,396,395,405,411,386,392],"class_list":{"0":"post-8469","1":"product","2":"type-product","3":"status-publish","4":"has-post-thumbnail","6":"product_cat-4201-4370-neu-premium-bio-gewuerze-aus-aller-welt","7":"product_tag-bio-bruschettagewuerz","8":"product_tag-bio-ceylon-zimt","9":"product_tag-bio-ceylon-zimt-gemahlen","10":"product_tag-bio-chai-gewuerz","11":"product_tag-bio-fenchel","12":"product_tag-bio-fenchel-gemahlen","13":"product_tag-bio-gewuerze","14":"product_tag-bio-knoblauch","15":"product_tag-bio-knoblauchpulver","16":"product_tag-bio-kraeuter","17":"product_tag-bio-kraeuter-der-provence","18":"product_tag-bio-kurkuma","19":"product_tag-bio-kurkuma-gemahlen","20":"product_tag-bio-muskatnuss-gemahlen","21":"product_tag-bio-petersilie-gerebelt","22":"product_tag-bio-pfeffer","23":"product_tag-bio-pfeffer-schwarz-gemahlen","24":"product_tag-bio-pizzakraeuter","25":"product_tag-bio-thymian","26":"product_tag-bio-thymian-gerebelt","27":"product_tag-bio-tzatziki-gewuerz","28":"product_tag-bio-zimt","29":"product_tag-bio-zimt-gemahlen","30":"product_tag-bruschetta-gewuerz","31":"product_tag-chai-gewuerz","32":"product_tag-chai-yogi","33":"product_tag-chai-yogi-teegewuerz","34":"product_tag-garam-masala","35":"product_tag-gartenkraeuter","36":"product_tag-gewuerze-zum-kochen","37":"product_tag-gluehweingewuerz","38":"product_tag-kraeuter-der-provence","39":"product_tag-kraeuter-fuer-dressings","40":"product_tag-kurkuma","41":"product_tag-lebkuchengewuerz","42":"product_tag-liebstoeckelkraut","43":"product_tag-muskatnuss","44":"product_tag-pasta-und-pomodoro","45":"product_tag-pasta-gewuerz","46":"product_tag-pfefferkuchengewuerz","47":"product_tag-pizza-kraeuter","48":"product_tag-premiumbio-gewuerze","49":"product_tag-punschgewuerz","50":"pa_menge-50-g","51":"pa_menge-100-g","52":"pa_menge-125-g","53":"pa_menge-250-g","54":"pa_menge-500-g","55":"pa_menge-1-kg","57":"first","58":"instock","59":"taxable","60":"shipping-taxable","61":"purchasable","62":"product-type-simple"},"acf":[],"_links":{"self":[{"href":"https:\/\/www.teehaus-janssen.de\/shop\/wp-json\/wp\/v2\/product\/8469","targetHints":{"allow":["GET"]}}],"collection":[{"href":"https:\/\/www.teehaus-janssen.de\/shop\/wp-json\/wp\/v2\/product"}],"about":[{"href":"https:\/\/www.teehaus-janssen.de\/shop\/wp-json\/wp\/v2\/types\/product"}],"wp:featuredmedia":[{"embeddable":true,"href":"https:\/\/www.teehaus-janssen.de\/shop\/wp-json\/wp\/v2\/media\/8470"}],"wp:attachment":[{"href":"https:\/\/www.teehaus-janssen.de\/shop\/wp-json\/wp\/v2\/media?parent=8469"}],"wp:term":[{"taxonomy":"product_brand","embeddable":true,"href":"https:\/\/www.teehaus-janssen.de\/shop\/wp-json\/wp\/v2\/product_brand?post=8469"},{"taxonomy":"product_cat","embeddable":true,"href":"https:\/\/www.teehaus-janssen.de\/shop\/wp-json\/wp\/v2\/product_cat?post=8469"},{"taxonomy":"product_tag","embeddable":true,"href":"https:\/\/www.teehaus-janssen.de\/shop\/wp-json\/wp\/v2\/product_tag?post=8469"}],"curies":[{"name":"wp","href":"https:\/\/api.w.org\/{rel}","templated":true}]}}