{"id":8448,"date":"2021-07-25T11:34:29","date_gmt":"2021-07-25T09:34:29","guid":{"rendered":"https:\/\/www.teehaus-janssen.de\/product\/4326-bio-pizza-kraeuter-40g\/"},"modified":"2025-09-30T10:11:08","modified_gmt":"2025-09-30T08:11:08","slug":"4326-bio-pizza-kraeuter-40g","status":"publish","type":"product","link":"https:\/\/www.teehaus-janssen.de\/shop\/produkt\/4326-bio-pizza-kraeuter-40g\/","title":{"rendered":"4326 &#8211; BIO PIZZA-KR\u00c4UTER 40g"},"content":{"rendered":"<p class=\"_04xlpA direction-ltr align-start para-style-body\"><strong><span class=\"JsGRdQ\">Besonders geeignet f\u00fcr alle\u00a0<\/span><\/strong><strong><span class=\"JsGRdQ\">mediterranen Gerichte, Tomatenso\u00dfen und nat\u00fcrlich Pizza.\u00a0Gew\u00fcrzmischung f\u00fcr die mediterrane K\u00fcche.<\/span><\/strong><\/p>\n<p class=\"_04xlpA direction-ltr align-start para-style-body\"><span class=\"JsGRdQ\">Zutaten: Oregano, Basilikum,\u00a0<\/span><span class=\"JsGRdQ\">Rosmarin, Thymian.\u00a0<\/span><span class=\"JsGRdQ\">Alle Zutaten aus\u00a0<\/span><span class=\"JsGRdQ\">\u00f6kologischem Landbau.<\/span><span class=\"JsGRdQ\">\u00a0Klassische,\u00a0<\/span><span class=\"JsGRdQ\">aromatische Kr\u00e4uter\u00a0<\/span><span class=\"JsGRdQ\">der italienischen K\u00fcche.\u00a0Kann Spuren von Sellerie\u00a0enthalten.<\/span><\/p>\n<p><img decoding=\"async\" class=\"alignnone size-large wp-image-34457\" src=\"https:\/\/www.teehaus-janssen.de\/shop\/wp-content\/uploads\/2025\/02\/2.png\" alt=\"\" \/><\/p>\n","protected":false},"excerpt":{"rendered":"<p class=\"_04xlpA direction-ltr align-start para-style-body\"><strong><span class=\"JsGRdQ\">Besonders geeignet f\u00fcr alle\u00a0<\/span><\/strong><strong><span class=\"JsGRdQ\">mediterranen Gerichte, Tomatenso\u00dfen und nat\u00fcrlich Pizza.\u00a0Gew\u00fcrzmischung f\u00fcr die mediterrane K\u00fcche.<\/span><\/strong><\/p>\n<p class=\"_04xlpA direction-ltr align-start para-style-body\"><span class=\"JsGRdQ\">Zutaten: Oregano, Basilikum,\u00a0<\/span><span class=\"JsGRdQ\">Rosmarin, Thymian.\u00a0<\/span><span class=\"JsGRdQ\">Alle Zutaten aus\u00a0<\/span><span class=\"JsGRdQ\">\u00f6kologischem Landbau.<\/span><span class=\"JsGRdQ\">\u00a0Klassische,\u00a0<\/span><span class=\"JsGRdQ\">aromatische Kr\u00e4uter\u00a0<\/span><span class=\"JsGRdQ\">der italienischen K\u00fcche.\u00a0Kann Spuren von Sellerie\u00a0enthalten.<\/span><\/p>\n<p><img decoding=\"async\" class=\"alignnone size-large wp-image-34457\" src=\"https:\/\/www.teehaus-janssen.de\/shop\/wp-content\/uploads\/2021\/01\/2-700x700.png\" alt=\"\" \/><\/p>\n","protected":false},"featured_media":8449,"template":"","meta":{"_acf_changed":false},"product_brand":[],"product_cat":[365],"product_tag":[394,378,401,400,390,403,408,410,409,412,393,387,388,379,391,402,389,404,406,407,396,395,405,411,386,392],"class_list":{"0":"post-8448","1":"product","2":"type-product","3":"status-publish","4":"has-post-thumbnail","6":"product_cat-4201-4370-neu-premium-bio-gewuerze-aus-aller-welt","7":"product_tag-bio-bruschettagewuerz","8":"product_tag-bio-gewuerze","9":"product_tag-bio-knoblauch","10":"product_tag-bio-knoblauchpulver","11":"product_tag-bio-kraeuter","12":"product_tag-bio-kraeuter-der-provence","13":"product_tag-bio-muskatnuss-gemahlen","14":"product_tag-bio-pfeffer","15":"product_tag-bio-pfeffer-schwarz-gemahlen","16":"product_tag-bio-pizzakraeuter","17":"product_tag-bruschetta-gewuerz","18":"product_tag-garam-masala","19":"product_tag-gartenkraeuter","20":"product_tag-gewuerze-zum-kochen","21":"product_tag-gluehweingewuerz","22":"product_tag-kraeuter-der-provence","23":"product_tag-kraeuter-fuer-dressings","24":"product_tag-lebkuchengewuerz","25":"product_tag-liebstoeckelkraut","26":"product_tag-muskatnuss","27":"product_tag-pasta-und-pomodoro","28":"product_tag-pasta-gewuerz","29":"product_tag-pfefferkuchengewuerz","30":"product_tag-pizza-kraeuter","31":"product_tag-premiumbio-gewuerze","32":"product_tag-punschgewuerz","33":"pa_menge-50-g","34":"pa_menge-100-g","35":"pa_menge-125-g","36":"pa_menge-250-g","37":"pa_menge-500-g","38":"pa_menge-1-kg","40":"first","41":"instock","42":"taxable","43":"shipping-taxable","44":"purchasable","45":"product-type-simple"},"acf":[],"_links":{"self":[{"href":"https:\/\/www.teehaus-janssen.de\/shop\/wp-json\/wp\/v2\/product\/8448","targetHints":{"allow":["GET"]}}],"collection":[{"href":"https:\/\/www.teehaus-janssen.de\/shop\/wp-json\/wp\/v2\/product"}],"about":[{"href":"https:\/\/www.teehaus-janssen.de\/shop\/wp-json\/wp\/v2\/types\/product"}],"wp:featuredmedia":[{"embeddable":true,"href":"https:\/\/www.teehaus-janssen.de\/shop\/wp-json\/wp\/v2\/media\/8449"}],"wp:attachment":[{"href":"https:\/\/www.teehaus-janssen.de\/shop\/wp-json\/wp\/v2\/media?parent=8448"}],"wp:term":[{"taxonomy":"product_brand","embeddable":true,"href":"https:\/\/www.teehaus-janssen.de\/shop\/wp-json\/wp\/v2\/product_brand?post=8448"},{"taxonomy":"product_cat","embeddable":true,"href":"https:\/\/www.teehaus-janssen.de\/shop\/wp-json\/wp\/v2\/product_cat?post=8448"},{"taxonomy":"product_tag","embeddable":true,"href":"https:\/\/www.teehaus-janssen.de\/shop\/wp-json\/wp\/v2\/product_tag?post=8448"}],"curies":[{"name":"wp","href":"https:\/\/api.w.org\/{rel}","templated":true}]}}