{"id":8413,"date":"2021-07-19T12:54:16","date_gmt":"2021-07-19T10:54:16","guid":{"rendered":"https:\/\/www.teehaus-janssen.de\/product\/4235-bio-gluehwein-und-punsch-30g\/"},"modified":"2025-12-17T11:22:48","modified_gmt":"2025-12-17T10:22:48","slug":"4235-bio-gluehwein-und-punsch-30g","status":"publish","type":"product","link":"https:\/\/www.teehaus-janssen.de\/shop\/produkt\/4235-bio-gluehwein-und-punsch-30g\/","title":{"rendered":"4235 &#8211; BIO GL\u00dcHWEIN UND PUNSCH &#8211; 30g"},"content":{"rendered":"<p><strong>NEUE REZEPTUR<\/strong><\/p>\n<p class=\"_04xlpA direction-ltr align-start para-style-body\"><strong><span class=\"JsGRdQ\">Aromatisch-winterliche Gew\u00fcrzmischung.\u00a0<\/span><span class=\"JsGRdQ\">5-6 TL\/Liter in Tee, Saft\u00a0<\/span><span class=\"JsGRdQ\">oder Rotwein aufkochen und danach absieben.<\/span><\/strong><\/p>\n<p class=\"_04xlpA direction-ltr align-start para-style-body\"><span class=\"JsGRdQ\">Zutaten: Ceylon Zimt St\u00fccke, Orangenschalen, Rosenbl\u00fctenbl\u00e4tter, Gew\u00fcrznelken, ger\u00e4ucherter Pfeffer\u00a0<\/span><span class=\"JsGRdQ\">(Pfeffer, Rauch), Anis, Rosmarin,\u00a0<\/span><span class=\"JsGRdQ\">Kardamom, Piment, Wachholderbeeren.\u00a0<\/span><span class=\"JsGRdQ\">Kann Spuren von <\/span><span class=\"JsGRdQ\">Senf <\/span><span class=\"JsGRdQ\">enthalten.\u00a0<\/span><span class=\"JsGRdQ\">Alle Zutaten aus \u00f6kologischem Landbau.\u00a0<\/span><span class=\"JsGRdQ\">F\u00fcr eine winterliche, aromatisch-w\u00fcrzige\u00a0<\/span><span class=\"JsGRdQ\">Note Ihres Hei\u00dfgetr\u00e4nkes.<\/span><\/p>\n<p><img decoding=\"async\" class=\"alignnone size-large wp-image-34457\" src=\"https:\/\/www.teehaus-janssen.de\/shop\/wp-content\/uploads\/2025\/02\/2.png\" alt=\"\" \/><\/p>\n<p>&nbsp;<\/p>\n","protected":false},"excerpt":{"rendered":"<p><strong>NEUE REZEPTUR<\/strong><\/p>\n<p class=\"_04xlpA direction-ltr align-start para-style-body\"><strong><span class=\"JsGRdQ\">Aromatisch-winterliche Gew\u00fcrzmischung.\u00a0<\/span><span class=\"JsGRdQ\">5-6 TL\/Liter in Tee, Saft\u00a0<\/span><span class=\"JsGRdQ\">oder Rotwein aufkochen und danach absieben.<\/span><\/strong><\/p>\n<p class=\"_04xlpA direction-ltr align-start para-style-body\"><span class=\"JsGRdQ\">Zutaten: Ceylon Zimt St\u00fccke, Orangenschalen, Rosenbl\u00fctenbl\u00e4tter, Gew\u00fcrznelken, ger\u00e4ucherter Pfeffer\u00a0<\/span><span class=\"JsGRdQ\">(Pfeffer, Rauch), Anis, Rosmarin,\u00a0<\/span><span class=\"JsGRdQ\">Kardamom, Piment, Wachholderbeeren.\u00a0<\/span><span class=\"JsGRdQ\">Kann Spuren von <\/span><span class=\"JsGRdQ\">Senf <\/span><span class=\"JsGRdQ\">enthalten.\u00a0<\/span><span class=\"JsGRdQ\">Alle Zutaten aus \u00f6kologischem Landbau.\u00a0<\/span><span class=\"JsGRdQ\">F\u00fcr eine winterliche, aromatisch-w\u00fcrzige\u00a0<\/span><span class=\"JsGRdQ\">Note Ihres Hei\u00dfgetr\u00e4nkes.<\/span><\/p>\n<p><img decoding=\"async\" class=\"alignnone size-large wp-image-34457\" src=\"https:\/\/www.teehaus-janssen.de\/shop\/wp-content\/uploads\/2021\/01\/2-700x700.png\" alt=\"\" \/><\/p>\n","protected":false},"featured_media":8414,"template":"","meta":{"_acf_changed":false},"product_brand":[],"product_cat":[365],"product_tag":[378,390,387,388,379,391,389,386,392],"class_list":{"0":"post-8413","1":"product","2":"type-product","3":"status-publish","4":"has-post-thumbnail","6":"product_cat-4201-4370-neu-premium-bio-gewuerze-aus-aller-welt","7":"product_tag-bio-gewuerze","8":"product_tag-bio-kraeuter","9":"product_tag-garam-masala","10":"product_tag-gartenkraeuter","11":"product_tag-gewuerze-zum-kochen","12":"product_tag-gluehweingewuerz","13":"product_tag-kraeuter-fuer-dressings","14":"product_tag-premiumbio-gewuerze","15":"product_tag-punschgewuerz","16":"pa_menge-50-g","17":"pa_menge-100-g","18":"pa_menge-125-g","19":"pa_menge-250-g","20":"pa_menge-500-g","21":"pa_menge-1-kg","23":"first","24":"instock","25":"taxable","26":"shipping-taxable","27":"purchasable","28":"product-type-simple"},"acf":[],"_links":{"self":[{"href":"https:\/\/www.teehaus-janssen.de\/shop\/wp-json\/wp\/v2\/product\/8413","targetHints":{"allow":["GET"]}}],"collection":[{"href":"https:\/\/www.teehaus-janssen.de\/shop\/wp-json\/wp\/v2\/product"}],"about":[{"href":"https:\/\/www.teehaus-janssen.de\/shop\/wp-json\/wp\/v2\/types\/product"}],"wp:featuredmedia":[{"embeddable":true,"href":"https:\/\/www.teehaus-janssen.de\/shop\/wp-json\/wp\/v2\/media\/8414"}],"wp:attachment":[{"href":"https:\/\/www.teehaus-janssen.de\/shop\/wp-json\/wp\/v2\/media?parent=8413"}],"wp:term":[{"taxonomy":"product_brand","embeddable":true,"href":"https:\/\/www.teehaus-janssen.de\/shop\/wp-json\/wp\/v2\/product_brand?post=8413"},{"taxonomy":"product_cat","embeddable":true,"href":"https:\/\/www.teehaus-janssen.de\/shop\/wp-json\/wp\/v2\/product_cat?post=8413"},{"taxonomy":"product_tag","embeddable":true,"href":"https:\/\/www.teehaus-janssen.de\/shop\/wp-json\/wp\/v2\/product_tag?post=8413"}],"curies":[{"name":"wp","href":"https:\/\/api.w.org\/{rel}","templated":true}]}}