{"id":8397,"date":"2021-07-17T12:06:32","date_gmt":"2021-07-17T10:06:32","guid":{"rendered":"https:\/\/www.teehaus-janssen.de\/product\/4210-bio-curry-classic-50g\/"},"modified":"2026-01-12T12:02:08","modified_gmt":"2026-01-12T11:02:08","slug":"4210-bio-curry-classic-50g","status":"publish","type":"product","link":"https:\/\/www.teehaus-janssen.de\/shop\/produkt\/4210-bio-curry-classic-50g\/","title":{"rendered":"4210 &#8211; BIO CURRY CLASSIC &#8211; 50g"},"content":{"rendered":"<p><strong><span class=\"JsGRdQ\">Ein mild-klassisches Curry. Beliebt zum W\u00fcrzen von Reis, Suppen, Fisch und Gefl\u00fcgel.<\/span> <\/strong><\/p>\n<p><strong><span class=\"JsGRdQ\">Gew\u00fcrzmischung f\u00fcr die indisch inspirierte K\u00fcche.<\/span> <\/strong><\/p>\n<p class=\"_04xlpA direction-ltr align-start para-style-body\"><span class=\"JsGRdQ\">Zutaten: Kurkuma, Koriander,\u00a0<\/span><span class=\"JsGRdQ\">Paprika edels\u00fc\u00df, SENFSAAT<\/span><span class=\"JsGRdQ\">, Ingwer,\u00a0<\/span><span class=\"JsGRdQ\">Pfeffer wei\u00df, Nelken, Muskatnuss,\u00a0<\/span><span class=\"JsGRdQ\">Kardamom, Bockshornklee, Cumin,\u00a0<\/span><span class=\"JsGRdQ\">Chili, Schabzigerklee. Alle Zutaten\u00a0<\/span><span class=\"JsGRdQ\">aus \u00f6kologischem Landbau.\u00a0<\/span><span class=\"JsGRdQ\">Kann Spuren von <\/span><span class=\"JsGRdQ\">Weizen\u00a0<\/span><span class=\"JsGRdQ\">und <\/span><span class=\"JsGRdQ\">Sellerie<\/span><span class=\"JsGRdQ\"> enthalten.\u00a0<\/span><\/p>\n<p><img decoding=\"async\" class=\"alignnone size-large wp-image-34457\" src=\"https:\/\/www.teehaus-janssen.de\/shop\/wp-content\/uploads\/2025\/02\/2.png\" alt=\"\" \/><\/p>\n","protected":false},"excerpt":{"rendered":"<p><strong><span class=\"JsGRdQ\">Ein mild-klassisches Curry. Beliebt zum W\u00fcrzen von Reis, Suppen, Fisch und Gefl\u00fcgel.<\/span> <\/strong><\/p>\n<p><strong><span class=\"JsGRdQ\">Gew\u00fcrzmischung f\u00fcr die indisch inspirierte K\u00fcche.<\/span> <\/strong><\/p>\n<p class=\"_04xlpA direction-ltr align-start para-style-body\"><span class=\"JsGRdQ\">Zutaten: Kurkuma, Koriander,\u00a0<\/span><span class=\"JsGRdQ\">Paprika edels\u00fc\u00df, SENFSAAT<\/span><span class=\"JsGRdQ\">, Ingwer,\u00a0<\/span><span class=\"JsGRdQ\">Pfeffer wei\u00df, Nelken, Muskatnuss,\u00a0<\/span><span class=\"JsGRdQ\">Kardamom, Bockshornklee, Cumin,\u00a0<\/span><span class=\"JsGRdQ\">Chili, Schabzigerklee. Alle Zutaten\u00a0<\/span><span class=\"JsGRdQ\">aus \u00f6kologischem Landbau.\u00a0<\/span><span class=\"JsGRdQ\">Kann Spuren von <\/span><span class=\"JsGRdQ\">Weizen\u00a0<\/span><span class=\"JsGRdQ\">und <\/span><span class=\"JsGRdQ\">Sellerie<\/span><span class=\"JsGRdQ\"> enthalten.\u00a0<\/span><\/p>\n<p><img decoding=\"async\" class=\"alignnone size-large wp-image-34457\" src=\"https:\/\/www.teehaus-janssen.de\/shop\/wp-content\/uploads\/2021\/01\/2-700x700.png\" alt=\"\" \/><\/p>\n","protected":false},"featured_media":8398,"template":"","meta":{"_acf_changed":false},"product_brand":[],"product_cat":[365],"product_tag":[385,378,384,383,379,382,381,380],"class_list":{"0":"post-8397","1":"product","2":"type-product","3":"status-publish","4":"has-post-thumbnail","6":"product_cat-4201-4370-neu-premium-bio-gewuerze-aus-aller-welt","7":"product_tag-bio-curry","8":"product_tag-bio-gewuerze","9":"product_tag-curry","10":"product_tag-curry-classic","11":"product_tag-gewuerze-zum-kochen","12":"product_tag-persische-gewuerze","13":"product_tag-persische-mischung","14":"product_tag-premium-bio-gewuerze","15":"pa_menge-50-g","16":"pa_menge-100-g","17":"pa_menge-125-g","18":"pa_menge-250-g","19":"pa_menge-500-g","20":"pa_menge-1-kg","22":"first","23":"instock","24":"taxable","25":"shipping-taxable","26":"purchasable","27":"product-type-simple"},"acf":[],"_links":{"self":[{"href":"https:\/\/www.teehaus-janssen.de\/shop\/wp-json\/wp\/v2\/product\/8397","targetHints":{"allow":["GET"]}}],"collection":[{"href":"https:\/\/www.teehaus-janssen.de\/shop\/wp-json\/wp\/v2\/product"}],"about":[{"href":"https:\/\/www.teehaus-janssen.de\/shop\/wp-json\/wp\/v2\/types\/product"}],"wp:featuredmedia":[{"embeddable":true,"href":"https:\/\/www.teehaus-janssen.de\/shop\/wp-json\/wp\/v2\/media\/8398"}],"wp:attachment":[{"href":"https:\/\/www.teehaus-janssen.de\/shop\/wp-json\/wp\/v2\/media?parent=8397"}],"wp:term":[{"taxonomy":"product_brand","embeddable":true,"href":"https:\/\/www.teehaus-janssen.de\/shop\/wp-json\/wp\/v2\/product_brand?post=8397"},{"taxonomy":"product_cat","embeddable":true,"href":"https:\/\/www.teehaus-janssen.de\/shop\/wp-json\/wp\/v2\/product_cat?post=8397"},{"taxonomy":"product_tag","embeddable":true,"href":"https:\/\/www.teehaus-janssen.de\/shop\/wp-json\/wp\/v2\/product_tag?post=8397"}],"curies":[{"name":"wp","href":"https:\/\/api.w.org\/{rel}","templated":true}]}}