{"id":8374,"date":"2021-03-11T15:47:23","date_gmt":"2021-03-11T14:47:23","guid":{"rendered":"https:\/\/www.teehaus-janssen.de\/product\/4661-bio-kakao-nibs-knabberstuecke-ungeroestet\/"},"modified":"2025-09-30T10:10:10","modified_gmt":"2025-09-30T08:10:10","slug":"4661-bio-kakao-nibs-knabberstuecke-ungeroestet","status":"publish","type":"product","link":"https:\/\/www.teehaus-janssen.de\/shop\/produkt\/4661-bio-kakao-nibs-knabberstuecke-ungeroestet\/","title":{"rendered":"4661 &#8211; BIO KAKAO-NIBS &#8211; KNABBERST\u00dcCKE &#8211; unger\u00f6stet"},"content":{"rendered":"<p><strong>Erl\u00e4uterung:<\/strong>\u00a0Kakaobohnen-Bruchst\u00fccke aus kontrolliertem Bio-Anbau. Knabberspa\u00df f\u00fcr zwischendurch, beliebt als Zugabe \u00fcber M\u00fcsli, Pudding, Joghurt u. a. Speisen. Die Kakaobohne enth\u00e4lt nur wenig Koffein.<\/p>\n<p><strong>Herb-frisch mit angenehm bitter-schokoladigem Finale.\u00a0<\/strong><\/p>\n<p><span style=\"font-size: 14px\"><span style=\"font-family: arial,verdana,helvetica\"><span style=\"font-size: 12px\"><img decoding=\"async\" class=\"alignnone size-large wp-image-34478\" src=\"https:\/\/www.teehaus-janssen.de\/shop\/wp-content\/uploads\/2025\/02\/Nicht-EU.png\" alt=\"\" \/><\/span><\/span><\/span><\/p>\n","protected":false},"excerpt":{"rendered":"<p><strong>Erl\u00e4uterung:<\/strong>\u00a0Kakaobohnen-Bruchst\u00fccke aus kontrolliertem Bio-Anbau. Knabberspa\u00df f\u00fcr zwischendurch, beliebt als Zugabe \u00fcber M\u00fcsli, Pudding, Joghurt u. a. Speisen. Die Kakaobohne enth\u00e4lt nur wenig Koffein.<\/p>\n<p><strong>Herb-frisch mit angenehm bitter-schokoladigem Finale.\u00a0<\/strong><\/p>\n<p><span style=\"font-size: 14px\"><span style=\"font-family: arial,verdana,helvetica\"><span style=\"font-size: 12px\"><img decoding=\"async\" class=\"alignnone size-large wp-image-34478\" src=\"https:\/\/www.teehaus-janssen.de\/shop\/wp-content\/uploads\/2019\/02\/Nicht-EU-700x700.png\" alt=\"\" \/><\/span><\/span><\/span><\/p>\n","protected":false},"featured_media":8375,"template":"","meta":{"_acf_changed":false},"product_brand":[],"product_cat":[310],"product_tag":[],"class_list":{"0":"post-8374","1":"product","2":"type-product","3":"status-publish","4":"has-post-thumbnail","6":"product_cat-4600-4650-einzelkraeuter-und-pflanzliche-rohstoffe","7":"pa_menge-50-g","8":"pa_menge-100-g","9":"pa_menge-125-g","10":"pa_menge-250-g","11":"pa_menge-500-g","12":"pa_menge-1-kg","14":"first","15":"instock","16":"taxable","17":"shipping-taxable","18":"purchasable","19":"product-type-variable","20":"has-default-attributes"},"acf":[],"_links":{"self":[{"href":"https:\/\/www.teehaus-janssen.de\/shop\/wp-json\/wp\/v2\/product\/8374","targetHints":{"allow":["GET"]}}],"collection":[{"href":"https:\/\/www.teehaus-janssen.de\/shop\/wp-json\/wp\/v2\/product"}],"about":[{"href":"https:\/\/www.teehaus-janssen.de\/shop\/wp-json\/wp\/v2\/types\/product"}],"wp:featuredmedia":[{"embeddable":true,"href":"https:\/\/www.teehaus-janssen.de\/shop\/wp-json\/wp\/v2\/media\/8375"}],"wp:attachment":[{"href":"https:\/\/www.teehaus-janssen.de\/shop\/wp-json\/wp\/v2\/media?parent=8374"}],"wp:term":[{"taxonomy":"product_brand","embeddable":true,"href":"https:\/\/www.teehaus-janssen.de\/shop\/wp-json\/wp\/v2\/product_brand?post=8374"},{"taxonomy":"product_cat","embeddable":true,"href":"https:\/\/www.teehaus-janssen.de\/shop\/wp-json\/wp\/v2\/product_cat?post=8374"},{"taxonomy":"product_tag","embeddable":true,"href":"https:\/\/www.teehaus-janssen.de\/shop\/wp-json\/wp\/v2\/product_tag?post=8374"}],"curies":[{"name":"wp","href":"https:\/\/api.w.org\/{rel}","templated":true}]}}