{"id":8302,"date":"2019-02-11T17:25:25","date_gmt":"2019-02-11T16:25:25","guid":{"rendered":"https:\/\/www.teehaus-janssen.de\/product\/8000-cistrolind-zistrosesalbe-50-ml-tube\/"},"modified":"2026-02-24T10:04:04","modified_gmt":"2026-02-24T09:04:04","slug":"8000-cistrolind-zistrosesalbe-50-ml-tube","status":"publish","type":"product","link":"https:\/\/www.teehaus-janssen.de\/shop\/produkt\/8000-cistrolind-zistrosesalbe-50-ml-tube\/","title":{"rendered":"8000 &#8211; CISTROLIND \u00ae &#8211; ZISTROSESALBE &#8211; 50 ml-Tube"},"content":{"rendered":"<p>&nbsp;<\/p>\n<p class=\"line-height-100 cke-line-height\" style=\"font-size: 11px;font-family: 'Lucida Sans Unicode', 'Lucida Sans', Verdana, Helvetica\"><u><strong style=\"font-size: 11px\"><span style=\"font-size: 14px\"><span style=\"font-size: 14px;font-family: arial, verdana, helvetica\">Pflege und Schutz f\u00fcr jeden Hauttyp.<\/span><\/span><\/strong><\/u><\/p>\n<p class=\"line-height-100 cke-line-height\" style=\"font-size: 11px;font-family: 'Lucida Sans Unicode', 'Lucida Sans', Verdana, Helvetica\"><u><strong style=\"font-size: 11px\"><span style=\"font-size: 14px\"><span style=\"font-size: 14px;font-family: arial, verdana, helvetica\">Auch als unterst\u00fctzende Pflege\u00a0<\/span><\/span><span style=\"font-size: 14px;font-family: arial, verdana, helvetica\">bei Neurodermitis geeignet.<\/span><\/strong><\/u><\/p>\n<p class=\"line-height-100 cke-line-height\" style=\"font-size: 11px;font-family: 'Lucida Sans Unicode', 'Lucida Sans', Verdana, Helvetica\"><u><strong style=\"font-size: 11px\"><span style=\"font-size: 14px\"><span style=\"font-size: 14px;font-family: arial, verdana, helvetica\">Frei von Duftstoffen.<\/span><\/span><\/strong><\/u><\/p>\n<p style=\"font-size: 11px;font-family: 'Lucida Sans Unicode', 'Lucida Sans', Verdana, Helvetica\"><span style=\"font-size: 14px;font-family: arial, verdana, helvetica\">Die wild wachsende Zistrose ist im gesamten Mittelmeerraum beheimatet und wird dort seit \u00fcber 2000 Jahren traditionell als wohltuendes Heilkraut zur \u00e4u\u00dferen und inneren Anwendung genutzt.<\/span><\/p>\n<p style=\"font-size: 11px;font-family: 'Lucida Sans Unicode', 'Lucida Sans', Verdana, Helvetica\"><span style=\"font-size: 14px\"><span style=\"font-size: 14px;font-family: arial, verdana, helvetica\">Pflegendes Bio-Mandel\u00f6l, Bio-Bienenwachs sowie Vitamin E beleben und gl\u00e4tten die Haut. Cistrolind\u00ae ist f\u00fcr den Dauergebrauch f\u00fcr Gesicht und K\u00f6rper geeignet. Hergestellt in Deutschland.<\/span><\/span><\/p>\n<p style=\"font-size: 11px;font-family: 'Lucida Sans Unicode', 'Lucida Sans', Verdana, Helvetica\"><strong style=\"font-size: 11px\"><span style=\"font-size: 12px\"><span style=\"font-size: 12px;font-family: arial, verdana, helvetica\">Zutaten: Mandel\u00f6l*, Zistrosenextrakt*, Bienenwachs*, Vitamin E (GMO-frei) in Sonnenblumen\u00f6l* gel\u00f6st. (* = aus kbA Bio-Anbau).<\/span><\/span><\/strong><\/p>\n<p>&nbsp;<\/p>\n<p>&nbsp;<\/p>\n","protected":false},"excerpt":{"rendered":"<p class=\"line-height-100 cke-line-height\"><u><strong>Pflege und Schutz f\u00fcr jeden Hauttyp.<\/strong><\/u><\/p>\n<p class=\"line-height-100 cke-line-height\"><u><strong>Auch als unterst\u00fctzende Pflege\u00a0bei Neurodermitis geeignet.<\/strong><\/u><\/p>\n<p class=\"line-height-100 cke-line-height\"><u><strong>Frei von Duftstoffen.<\/strong><\/u><\/p>\n<p>Die wild wachsende Zistrose ist im gesamten Mittelmeerraum beheimatet und wird dort seit \u00fcber 2000 Jahren traditionell als wohltuendes Heilkraut zur \u00e4u\u00dferen und inneren Anwendung genutzt.<\/p>\n<p>Pflegendes Bio-Mandel\u00f6l, Bio-Bienenwachs sowie Vitamin E beleben und gl\u00e4tten die Haut. Cistrolind\u00ae ist f\u00fcr den Dauergebrauch f\u00fcr Gesicht und K\u00f6rper geeignet. Hergestellt in Deutschland.<\/p>\n<p><strong>Zutaten: Mandel\u00f6l*, Zistrosenextrakt*, Bienenwachs*, Vitamin E (GMO-frei) in Sonnenblumen\u00f6l* gel\u00f6st. (* = aus kbA Bio-Anbau).<\/strong><\/p>\n<p>&nbsp;<\/p>\n","protected":false},"featured_media":8303,"template":"","meta":{"_acf_changed":false},"product_brand":[],"product_cat":[364],"product_tag":[],"class_list":{"0":"post-8302","1":"product","2":"type-product","3":"status-publish","4":"has-post-thumbnail","6":"product_cat-naturkosmetik-cistrolind-salbe","8":"first","9":"instock","10":"taxable","11":"shipping-taxable","12":"purchasable","13":"product-type-simple"},"acf":[],"_links":{"self":[{"href":"https:\/\/www.teehaus-janssen.de\/shop\/wp-json\/wp\/v2\/product\/8302","targetHints":{"allow":["GET"]}}],"collection":[{"href":"https:\/\/www.teehaus-janssen.de\/shop\/wp-json\/wp\/v2\/product"}],"about":[{"href":"https:\/\/www.teehaus-janssen.de\/shop\/wp-json\/wp\/v2\/types\/product"}],"wp:featuredmedia":[{"embeddable":true,"href":"https:\/\/www.teehaus-janssen.de\/shop\/wp-json\/wp\/v2\/media\/8303"}],"wp:attachment":[{"href":"https:\/\/www.teehaus-janssen.de\/shop\/wp-json\/wp\/v2\/media?parent=8302"}],"wp:term":[{"taxonomy":"product_brand","embeddable":true,"href":"https:\/\/www.teehaus-janssen.de\/shop\/wp-json\/wp\/v2\/product_brand?post=8302"},{"taxonomy":"product_cat","embeddable":true,"href":"https:\/\/www.teehaus-janssen.de\/shop\/wp-json\/wp\/v2\/product_cat?post=8302"},{"taxonomy":"product_tag","embeddable":true,"href":"https:\/\/www.teehaus-janssen.de\/shop\/wp-json\/wp\/v2\/product_tag?post=8302"}],"curies":[{"name":"wp","href":"https:\/\/api.w.org\/{rel}","templated":true}]}}