{"id":8259,"date":"2019-02-11T16:25:18","date_gmt":"2019-02-11T15:25:18","guid":{"rendered":"https:\/\/www.teehaus-janssen.de\/product\/5702-alfi-teekanne-edelstahl-mit-sieb-06-ltr\/"},"modified":"2025-09-30T10:06:39","modified_gmt":"2025-09-30T08:06:39","slug":"5702-alfi-teekanne-edelstahl-mit-sieb-06-ltr","status":"publish","type":"product","link":"https:\/\/www.teehaus-janssen.de\/shop\/produkt\/5702-alfi-teekanne-edelstahl-mit-sieb-06-ltr\/","title":{"rendered":"5702 &#8211; ALFI Teekanne &#8211; Edelstahl mit Sieb &#8211; 0,6 ltr."},"content":{"rendered":"<p><strong>Endlich wieder lieferbar.<\/strong><\/p>\n<p><u><strong>TEEKANNE Edelstahl von ALFI &#8211; 0,6 Ltr.<\/strong><\/u><\/p>\n<p>Diese formsch\u00f6ne ALFI Edelstahl-Teekanne ist aufgrund\u00a0folgender Vorz\u00fcge \u00e4u\u00dferst beliebt und geh\u00f6rt zum Standard-Equipment jedes Teetrinkers\/ jeder Teetrinkerin.<\/p>\n<p>\u2013 formsch\u00f6nes Design<br \/>\n\u2013 tropffrei ausgie\u00dfend<br \/>\n\u2013 Edelstahl (100%) \u2013\u00a0au\u00dfen hochgl\u00e4nzend poliert<br \/>\n\u2013 langlebig<br \/>\n\u2013 h\u00e4lt 1\u20132 Std angenehm warm \u2013 St\u00f6vchen ist unn\u00f6tig<br \/>\n\u2013 kein Nachbittern aufgrund hoch verdichteten Materials<br \/>\n\u2013 lebensmittelzertifizierter Edelstahl f\u00fcr besten Teegeschmack<br \/>\n\u2013 Deckel selbstklemmend \u2013 kein Herausfallen selbst bei 180\u00b0 Neigung<br \/>\n\u2013 Knauf und Griff sind isoliert<br \/>\n\u2013 Edelstahl-Feinsieb f\u00fcr freies Ausziehen der Teebl\u00e4tter<u><\/u><\/p>\n","protected":false},"excerpt":{"rendered":"<p><strong>Endlich wieder lieferbar.<\/strong><\/p>\n<p><u><strong>TEEKANNE Edelstahl von ALFI &#8211; 0,6 Ltr.<\/strong><\/u><\/p>\n<p>Diese formsch\u00f6ne ALFI Edelstahl-Teekanne ist aufgrund\u00a0folgender Vorz\u00fcge \u00e4u\u00dferst beliebt und geh\u00f6rt zum Standard-Equipment jedes Teetrinkers\/ jeder Teetrinkerin.<\/p>\n<p>\u2013 formsch\u00f6nes Design<br \/>\n\u2013 tropffrei ausgie\u00dfend<br \/>\n\u2013 Edelstahl (100%) \u2013\u00a0au\u00dfen hochgl\u00e4nzend poliert<br \/>\n\u2013 langlebig<br \/>\n\u2013 h\u00e4lt 1\u20132 Std angenehm warm \u2013 St\u00f6vchen ist unn\u00f6tig<br \/>\n\u2013 kein Nachbittern aufgrund hoch verdichteten Materials<br \/>\n\u2013 lebensmittelzertifizierter Edelstahl f\u00fcr besten Teegeschmack<br \/>\n\u2013 Deckel selbstklemmend \u2013 kein Herausfallen selbst bei 180\u00b0 Neigung<br \/>\n\u2013 Knauf und Griff sind isoliert<br \/>\n\u2013 Edelstahl-Feinsieb f\u00fcr freies Ausziehen der Teebl\u00e4tter<\/p>\n","protected":false},"featured_media":8260,"template":"","meta":{"_acf_changed":false},"product_brand":[],"product_cat":[355,353],"product_tag":[],"class_list":{"0":"post-8259","1":"product","2":"type-product","3":"status-publish","4":"has-post-thumbnail","6":"product_cat-teekanne-zubehoer","7":"product_cat-zubehoer-rund-um-den-tee","9":"first","10":"instock","11":"taxable","12":"shipping-taxable","13":"purchasable","14":"product-type-simple"},"acf":[],"_links":{"self":[{"href":"https:\/\/www.teehaus-janssen.de\/shop\/wp-json\/wp\/v2\/product\/8259","targetHints":{"allow":["GET"]}}],"collection":[{"href":"https:\/\/www.teehaus-janssen.de\/shop\/wp-json\/wp\/v2\/product"}],"about":[{"href":"https:\/\/www.teehaus-janssen.de\/shop\/wp-json\/wp\/v2\/types\/product"}],"wp:featuredmedia":[{"embeddable":true,"href":"https:\/\/www.teehaus-janssen.de\/shop\/wp-json\/wp\/v2\/media\/8260"}],"wp:attachment":[{"href":"https:\/\/www.teehaus-janssen.de\/shop\/wp-json\/wp\/v2\/media?parent=8259"}],"wp:term":[{"taxonomy":"product_brand","embeddable":true,"href":"https:\/\/www.teehaus-janssen.de\/shop\/wp-json\/wp\/v2\/product_brand?post=8259"},{"taxonomy":"product_cat","embeddable":true,"href":"https:\/\/www.teehaus-janssen.de\/shop\/wp-json\/wp\/v2\/product_cat?post=8259"},{"taxonomy":"product_tag","embeddable":true,"href":"https:\/\/www.teehaus-janssen.de\/shop\/wp-json\/wp\/v2\/product_tag?post=8259"}],"curies":[{"name":"wp","href":"https:\/\/api.w.org\/{rel}","templated":true}]}}