{"id":8203,"date":"2019-02-11T16:25:13","date_gmt":"2019-02-11T15:25:13","guid":{"rendered":"https:\/\/www.teehaus-janssen.de\/product\/5023-dauerfilter-klein\/"},"modified":"2025-09-30T10:05:56","modified_gmt":"2025-09-30T08:05:56","slug":"5023-dauerfilter-klein","status":"publish","type":"product","link":"https:\/\/www.teehaus-janssen.de\/shop\/produkt\/5023-dauerfilter-klein\/","title":{"rendered":"5023 &#8211; DAUERFILTER klein"},"content":{"rendered":"<p class=\"line-height-75 cke-line-height\" style=\"font-size: 11px;font-family: 'Lucida Sans Unicode', 'Lucida Sans', Verdana, Helvetica\"><strong style=\"font-size: 11px\"><span style=\"font-size: 14px\"><span style=\"font-size: 14px;font-family: arial, verdana, helvetica\">Hitzebest\u00e4ndiger Kunststoff &#8211; Sieb vergoldet.<\/span><\/span><\/strong><\/p>\n<p class=\"line-height-75 cke-line-height\" style=\"font-size: 11px;font-family: 'Lucida Sans Unicode', 'Lucida Sans', Verdana, Helvetica\"><strong style=\"font-size: 11px\"><span style=\"font-size: 14px\"><span style=\"font-size: 14px;font-family: arial, verdana, helvetica\">Seitliche Fl\u00fcgel verhindern das Versinken in der Teekanne.<\/span><\/span><\/strong><\/p>\n<p class=\"line-height-75 cke-line-height\" style=\"font-size: 11px;font-family: 'Lucida Sans Unicode', 'Lucida Sans', Verdana, Helvetica\"><strong style=\"font-size: 11px\"><span style=\"font-size: 14px\"><span style=\"font-size: 14px;font-family: arial, verdana, helvetica\">Radius: 6 cm. (klein), f\u00fcr Tassen u. kleine\u00a0Kannen.<\/span><\/span><\/strong><\/p>\n","protected":false},"excerpt":{"rendered":"<p class=\"line-height-75 cke-line-height\"><strong><span style=\"font-size: 14px\"><span style=\"font-family: arial,verdana,helvetica\">Hitzebest\u00e4ndiger Kunststoff &#8211; Sieb vergoldet.<\/span><\/span><\/strong><\/p>\n<p class=\"line-height-75 cke-line-height\"><strong><span style=\"font-size: 14px\"><span style=\"font-family: arial,verdana,helvetica\">Seitliche Fl\u00fcgel verhindern das Abrutschen in die Kanne auch bei gr\u00f6\u00dferer \u00d6ffnungsweite.<\/span><\/span><\/strong><\/p>\n<p class=\"line-height-75 cke-line-height\"><strong><span style=\"font-size: 14px\"><span style=\"font-family: arial,verdana,helvetica\">Radius 6 cm, f\u00fcr Tassen und kleine\u00a0Kannen.<\/span><\/span><\/strong><\/p>\n","protected":false},"featured_media":8204,"template":"","meta":{"_acf_changed":false},"product_brand":[],"product_cat":[353],"product_tag":[],"class_list":{"0":"post-8203","1":"product","2":"type-product","3":"status-publish","4":"has-post-thumbnail","6":"product_cat-zubehoer-rund-um-den-tee","8":"first","9":"instock","10":"taxable","11":"shipping-taxable","12":"purchasable","13":"product-type-simple"},"acf":[],"_links":{"self":[{"href":"https:\/\/www.teehaus-janssen.de\/shop\/wp-json\/wp\/v2\/product\/8203","targetHints":{"allow":["GET"]}}],"collection":[{"href":"https:\/\/www.teehaus-janssen.de\/shop\/wp-json\/wp\/v2\/product"}],"about":[{"href":"https:\/\/www.teehaus-janssen.de\/shop\/wp-json\/wp\/v2\/types\/product"}],"wp:featuredmedia":[{"embeddable":true,"href":"https:\/\/www.teehaus-janssen.de\/shop\/wp-json\/wp\/v2\/media\/8204"}],"wp:attachment":[{"href":"https:\/\/www.teehaus-janssen.de\/shop\/wp-json\/wp\/v2\/media?parent=8203"}],"wp:term":[{"taxonomy":"product_brand","embeddable":true,"href":"https:\/\/www.teehaus-janssen.de\/shop\/wp-json\/wp\/v2\/product_brand?post=8203"},{"taxonomy":"product_cat","embeddable":true,"href":"https:\/\/www.teehaus-janssen.de\/shop\/wp-json\/wp\/v2\/product_cat?post=8203"},{"taxonomy":"product_tag","embeddable":true,"href":"https:\/\/www.teehaus-janssen.de\/shop\/wp-json\/wp\/v2\/product_tag?post=8203"}],"curies":[{"name":"wp","href":"https:\/\/api.w.org\/{rel}","templated":true}]}}