{"id":8077,"date":"2019-02-11T16:25:05","date_gmt":"2019-02-11T15:25:05","guid":{"rendered":"https:\/\/www.teehaus-janssen.de\/product\/4628-bio-nanaminze\/"},"modified":"2025-09-30T10:03:06","modified_gmt":"2025-09-30T08:03:06","slug":"4628-bio-nanaminze","status":"publish","type":"product","link":"https:\/\/www.teehaus-janssen.de\/shop\/produkt\/4628-bio-nanaminze\/","title":{"rendered":"4628 &#8211; BIO NANAMINZE"},"content":{"rendered":"<p style=\"font-size: 11px; font-family: 'Lucida Sans Unicode', 'Lucida Sans', Verdana, Helvetica;\"><span style=\"font-size: 14px;\"><span style=\"font-size: 14px; font-family: arial, verdana, helvetica;\"><b>Herkunft:<\/b>\u00a0Marokko.<\/span><\/span><\/p>\n<p style=\"font-size: 11px; font-family: 'Lucida Sans Unicode', 'Lucida Sans', Verdana, Helvetica;\"><span style=\"font-size: 14px;\"><span style=\"font-size: 14px; font-family: arial, verdana, helvetica;\"><b style=\"font-family: inherit;\">Lat.:<\/b>\u00a0Folia Menthae maroc.<\/span><\/span><\/p>\n<p><strong>Erl\u00e4uterung:<\/strong> Marokkanisches Nationalgetr\u00e4nk. Beliebter Zusatz zu Gr\u00fcnem oder Schwarzem Tee, ergibt ein erfrischend mundendes Hei\u00df- oder auch Kaltgetr\u00e4nk.<\/p>\n<p><strong>Kr\u00e4ftig minziger Geschmack.<\/strong><\/p>\n<p class=\"line-height-75 cke-line-height\" style=\"font-size: 11px; font-family: 'Lucida Sans Unicode', 'Lucida Sans', Verdana, Helvetica;\"><img decoding=\"async\" class=\"alignnone size-large wp-image-34478\" src=\"https:\/\/www.teehaus-janssen.de\/shop\/wp-content\/uploads\/2025\/02\/Nicht-EU.png\" alt=\"\" \/><\/p>\n","protected":false},"excerpt":{"rendered":"<p><b>Herkunft:<\/b>\u00a0Marokko.<\/p>\n<p><b>Lat.:<\/b>\u00a0Folia Menthae maroc.<\/p>\n<p><strong>Erl\u00e4uterung:<\/strong> Marokkanisches Nationalgetr\u00e4nk. Beliebter Zusatz zu Gr\u00fcnem oder Schwarzem Tee, ergibt ein erfrischend mundendes Hei\u00df- oder auch Kaltgetr\u00e4nk.<\/p>\n<p><strong>Kr\u00e4ftig minziger Geschmack.<\/strong><\/p>\n<p class=\"line-height-75 cke-line-height\"><img decoding=\"async\" class=\"alignnone size-large wp-image-34478\" src=\"https:\/\/www.teehaus-janssen.de\/shop\/wp-content\/uploads\/2019\/02\/Nicht-EU-700x700.png\" alt=\"\" \/><\/p>\n","protected":false},"featured_media":1476301,"template":"","meta":{"_acf_changed":false},"product_brand":[],"product_cat":[310],"product_tag":[],"class_list":{"0":"post-8077","1":"product","2":"type-product","3":"status-publish","4":"has-post-thumbnail","6":"product_cat-4600-4650-einzelkraeuter-und-pflanzliche-rohstoffe","7":"pa_menge-50-g","8":"pa_menge-100-g","9":"pa_menge-125-g","10":"pa_menge-250-g","11":"pa_menge-500-g","12":"pa_menge-1-kg","14":"first","15":"instock","16":"taxable","17":"shipping-taxable","18":"purchasable","19":"product-type-variable","20":"has-default-attributes"},"acf":[],"_links":{"self":[{"href":"https:\/\/www.teehaus-janssen.de\/shop\/wp-json\/wp\/v2\/product\/8077","targetHints":{"allow":["GET"]}}],"collection":[{"href":"https:\/\/www.teehaus-janssen.de\/shop\/wp-json\/wp\/v2\/product"}],"about":[{"href":"https:\/\/www.teehaus-janssen.de\/shop\/wp-json\/wp\/v2\/types\/product"}],"wp:featuredmedia":[{"embeddable":true,"href":"https:\/\/www.teehaus-janssen.de\/shop\/wp-json\/wp\/v2\/media\/1476301"}],"wp:attachment":[{"href":"https:\/\/www.teehaus-janssen.de\/shop\/wp-json\/wp\/v2\/media?parent=8077"}],"wp:term":[{"taxonomy":"product_brand","embeddable":true,"href":"https:\/\/www.teehaus-janssen.de\/shop\/wp-json\/wp\/v2\/product_brand?post=8077"},{"taxonomy":"product_cat","embeddable":true,"href":"https:\/\/www.teehaus-janssen.de\/shop\/wp-json\/wp\/v2\/product_cat?post=8077"},{"taxonomy":"product_tag","embeddable":true,"href":"https:\/\/www.teehaus-janssen.de\/shop\/wp-json\/wp\/v2\/product_tag?post=8077"}],"curies":[{"name":"wp","href":"https:\/\/api.w.org\/{rel}","templated":true}]}}