{"id":8044,"date":"2019-02-11T16:25:04","date_gmt":"2019-02-11T15:25:04","guid":{"rendered":"https:\/\/www.teehaus-janssen.de\/product\/4623-bio-lavendelbl-ten\/"},"modified":"2025-09-30T10:02:20","modified_gmt":"2025-09-30T08:02:20","slug":"4623-bio-lavendelbl-ten","status":"publish","type":"product","link":"https:\/\/www.teehaus-janssen.de\/shop\/produkt\/4623-bio-lavendelbl-ten\/","title":{"rendered":"4623 &#8211; BIO LAVENDELBL\u00dcTEN"},"content":{"rendered":"<p style=\"font-size: 11px;font-family: 'Lucida Sans Unicode', 'Lucida Sans', Verdana, Helvetica\"><span style=\"font-size: 14px\"><span style=\"font-size: 14px;font-family: arial, verdana, helvetica\"><span style=\"font-size: 14px;font-weight: bold\">Herkunft:<\/span>\u00a0Frankreich, Provence.<\/span><\/span><\/p>\n<p style=\"font-size: 11px;font-family: 'Lucida Sans Unicode', 'Lucida Sans', Verdana, Helvetica\"><span style=\"font-size: 14px\"><span style=\"font-size: 14px;font-family: arial, verdana, helvetica\"><b style=\"font-family: inherit\">Lat.:<\/b>\u00a0Flore Lavandulae\u00a0tot.<\/span><\/span><\/p>\n<p><strong>Erl\u00e4uterung:<\/strong> Die Bl\u00fcten des Lavendels bieten seit jeher vielf\u00e4ltige Verwendungsm\u00f6glichkeiten. Im Dufts\u00e4ckchen beispielsweise verbessern sie nicht nur das Klima im Kleiderschrank. Auch in den Abendstunden ist der Duft ein beliebter Begleiter.<\/p>\n<p><strong>W\u00fcrzig-lavendelduftig, schwach bittere Tasse.<\/strong><\/p>\n<p style=\"font-size: 11px;font-family: 'Lucida Sans Unicode', 'Lucida Sans', Verdana, Helvetica\"><img decoding=\"async\" class=\"alignnone size-large wp-image-34458\" src=\"https:\/\/www.teehaus-janssen.de\/shop\/wp-content\/uploads\/2025\/02\/3.png\" alt=\"\" \/><\/p>\n","protected":false},"excerpt":{"rendered":"<p><strong>Herkunft:<\/strong>\u00a0Frankreich, Provence.<\/p>\n<p><b>Lat.:<\/b>\u00a0Flore Lavandulae\u00a0tot.<\/p>\n<p><strong>Erl\u00e4uterung:<\/strong> Die Bl\u00fcten des Lavendels bieten seit jeher vielf\u00e4ltige Verwendungsm\u00f6glichkeiten. Im Dufts\u00e4ckchen beispielsweise verbessern sie nicht nur das Klima im Kleiderschrank. Auch in den Abendstunden ist der Duft ein beliebter Begleiter.<\/p>\n<p><strong>W\u00fcrzig-lavendelduftig, schwach bittere Tasse.<\/strong><\/p>\n<p><img decoding=\"async\" class=\"alignnone size-large wp-image-34458\" src=\"https:\/\/www.teehaus-janssen.de\/shop\/wp-content\/uploads\/2021\/01\/3-700x700.png\" alt=\"\" \/><\/p>\n","protected":false},"featured_media":8045,"template":"","meta":{"_acf_changed":false},"product_brand":[],"product_cat":[310],"product_tag":[],"class_list":{"0":"post-8044","1":"product","2":"type-product","3":"status-publish","4":"has-post-thumbnail","6":"product_cat-4600-4650-einzelkraeuter-und-pflanzliche-rohstoffe","7":"pa_menge-50-g","8":"pa_menge-100-g","9":"pa_menge-125-g","10":"pa_menge-250-g","11":"pa_menge-500-g","12":"pa_menge-1-kg","14":"first","15":"instock","16":"taxable","17":"shipping-taxable","18":"purchasable","19":"product-type-variable","20":"has-default-attributes"},"acf":[],"_links":{"self":[{"href":"https:\/\/www.teehaus-janssen.de\/shop\/wp-json\/wp\/v2\/product\/8044","targetHints":{"allow":["GET"]}}],"collection":[{"href":"https:\/\/www.teehaus-janssen.de\/shop\/wp-json\/wp\/v2\/product"}],"about":[{"href":"https:\/\/www.teehaus-janssen.de\/shop\/wp-json\/wp\/v2\/types\/product"}],"wp:featuredmedia":[{"embeddable":true,"href":"https:\/\/www.teehaus-janssen.de\/shop\/wp-json\/wp\/v2\/media\/8045"}],"wp:attachment":[{"href":"https:\/\/www.teehaus-janssen.de\/shop\/wp-json\/wp\/v2\/media?parent=8044"}],"wp:term":[{"taxonomy":"product_brand","embeddable":true,"href":"https:\/\/www.teehaus-janssen.de\/shop\/wp-json\/wp\/v2\/product_brand?post=8044"},{"taxonomy":"product_cat","embeddable":true,"href":"https:\/\/www.teehaus-janssen.de\/shop\/wp-json\/wp\/v2\/product_cat?post=8044"},{"taxonomy":"product_tag","embeddable":true,"href":"https:\/\/www.teehaus-janssen.de\/shop\/wp-json\/wp\/v2\/product_tag?post=8044"}],"curies":[{"name":"wp","href":"https:\/\/api.w.org\/{rel}","templated":true}]}}

4623 &#8211; BIO LAVENDELBLÜTEN

<p style="font-size: 11px;font-family: 'Lucida Sans Unicode', 'Lucida Sans', Verdana, Helvetica"><span style="font-size: 14px"><span style="font-size: 14px;font-family: arial, verdana, helvetica"><span style="font-size: 14px;font-weight: bold">Herkunft:</span> Frankreich, Provence.</span></span></p>
<p style="font-size: 11px;font-family: 'Lucida Sans Unicode', 'Lucida Sans', Verdana, Helvetica"><span style="font-size: 14px"><span style="font-size: 14px;font-family: arial, verdana, helvetica"><b style="font-family: inherit">Lat.:</b> Flore Lavandulae tot.</span></span></p>
<p><strong>Erläuterung:</strong> Die Blüten des Lavendels bieten seit jeher vielfältige Verwendungsmöglichkeiten. Im Duftsäckchen beispielsweise verbessern sie nicht nur das Klima im Kleiderschrank. Auch in den Abendstunden ist der Duft ein beliebter Begleiter.</p>
<p><strong>Würzig-lavendelduftig, schwach bittere Tasse.</strong></p>
<p style="font-size: 11px;font-family: 'Lucida Sans Unicode', 'Lucida Sans', Verdana, Helvetica"><img decoding="async" class="alignnone size-large wp-image-34458" src="https://www.teehaus-janssen.de/shop/wp-content/uploads/2025/02/3.png" alt="" /></p>

<p><strong>Herkunft:</strong> Frankreich, Provence.</p>
<p><b>Lat.:</b> Flore Lavandulae tot.</p>
<p><strong>Erläuterung:</strong> Die Blüten des Lavendels bieten seit jeher vielfältige Verwendungsmöglichkeiten. Im Duftsäckchen beispielsweise verbessern sie nicht nur das Klima im Kleiderschrank. Auch in den Abendstunden ist der Duft ein beliebter Begleiter.</p>
<p><strong>Würzig-lavendelduftig, schwach bittere Tasse.</strong></p>
<p><img decoding="async" class="alignnone size-large wp-image-34458" src="https://www.teehaus-janssen.de/shop/wp-content/uploads/2021/01/3-700x700.png" alt="" /></p>
