{"id":7792,"date":"2019-02-11T17:24:55","date_gmt":"2019-02-11T16:24:55","guid":{"rendered":"https:\/\/www.teehaus-janssen.de\/product\/4581-janssens-bio-minze-und-kr-uter\/"},"modified":"2025-09-30T09:54:19","modified_gmt":"2025-09-30T07:54:19","slug":"4581-janssens-bio-minze-und-kr-uter","status":"publish","type":"product","link":"https:\/\/www.teehaus-janssen.de\/shop\/produkt\/4581-janssens-bio-minze-und-kr-uter\/","title":{"rendered":"4581 &#8211; JANSSENS BIO MINZE UND KR\u00c4UTER"},"content":{"rendered":"<p style=\"font-size: 11px;font-family: 'Lucida Sans Unicode', 'Lucida Sans', Verdana, Helvetica\"><span style=\"font-size: 11px;font-family: arial, verdana, helvetica\"><span style=\"font-size: 14px\"><strong style=\"font-size: 14px\">Herkunft: <\/strong>erntefrische TEEhaus-Mischung.<\/span><\/span><\/p>\n<p style=\"font-size: 11px;font-family: 'Lucida Sans Unicode', 'Lucida Sans', Verdana, Helvetica\"><span style=\"font-size: 11px;font-family: arial, verdana, helvetica\"><span style=\"font-size: 14px\"><strong style=\"font-size: 14px\">Zutaten:\u00a0<\/strong>Himbeerbl\u00e4tter*, Hagebutte*, Brombeerbl\u00e4tter*, Apfel*, Melisse*, Minze* 4 %, Rosenbl\u00fcten*. (* = aus kbA Bio-Anbau).<\/span><\/span><\/p>\n<p><strong>Diese erfrischend minzig-kr\u00e4utrige Komposition \u00fcberzeugt durch ihren anhaltend angenehmen Geschmack. Die Kombination der erlesenen Bio-Zutaten ist auch im Sommer auf Eis ein beliebter Begleiter f\u00fcr den Tag.<br \/>\n<\/strong><\/p>\n<p class=\"line-height-75 cke-line-height\" style=\"font-size: 11px;font-family: 'Lucida Sans Unicode', 'Lucida Sans', Verdana, Helvetica\"><img decoding=\"async\" class=\"alignnone size-large wp-image-34457\" src=\"https:\/\/www.teehaus-janssen.de\/shop\/wp-content\/uploads\/2025\/02\/2.png\" alt=\"\" \/><\/p>\n","protected":false},"excerpt":{"rendered":"<p><strong>Herkunft: <\/strong>erntefrische TEEhaus-Mischung.<\/p>\n<p><strong>Zutaten:\u00a0<\/strong>Himbeerbl\u00e4tter*, Hagebutte*, Brombeerbl\u00e4tter*, Apfel*, Melisse*, Minze* 4 %, Rosenbl\u00fcten*. (* = aus kbA Bio-Anbau).<\/p>\n<p><strong>Diese erfrischend minzig-kr\u00e4utrige Komposition \u00fcberzeugt durch ihren anhaltend angenehmen Geschmack. Die Kombination der erlesenen Bio-Zutaten ist auch im Sommer auf Eis ein beliebter Begleiter f\u00fcr den Tag.<br \/>\n<\/strong><\/p>\n<p class=\"line-height-75 cke-line-height\"><img decoding=\"async\" class=\"alignnone size-large wp-image-34457\" src=\"https:\/\/www.teehaus-janssen.de\/shop\/wp-content\/uploads\/2021\/01\/2-700x700.png\" alt=\"\" \/><\/p>\n","protected":false},"featured_media":7793,"template":"","meta":{"_acf_changed":false},"product_brand":[],"product_cat":[326],"product_tag":[330,327,331,334,333,281,332],"class_list":{"0":"post-7792","1":"product","2":"type-product","3":"status-publish","4":"has-post-thumbnail","6":"product_cat-4580-4596-kraeutertee-mischungen","7":"product_tag-bio-kraeutertee","8":"product_tag-hauskraeutertee","9":"product_tag-kraeutertee","10":"product_tag-minze","11":"product_tag-nanaminze","12":"product_tag-newsletter","13":"product_tag-pfefferminze","14":"pa_menge-50-g","15":"pa_menge-100-g","16":"pa_menge-125-g","17":"pa_menge-250-g","18":"pa_menge-500-g","19":"pa_menge-1-kg","21":"first","22":"instock","23":"taxable","24":"shipping-taxable","25":"purchasable","26":"product-type-variable","27":"has-default-attributes"},"acf":[],"_links":{"self":[{"href":"https:\/\/www.teehaus-janssen.de\/shop\/wp-json\/wp\/v2\/product\/7792","targetHints":{"allow":["GET"]}}],"collection":[{"href":"https:\/\/www.teehaus-janssen.de\/shop\/wp-json\/wp\/v2\/product"}],"about":[{"href":"https:\/\/www.teehaus-janssen.de\/shop\/wp-json\/wp\/v2\/types\/product"}],"wp:featuredmedia":[{"embeddable":true,"href":"https:\/\/www.teehaus-janssen.de\/shop\/wp-json\/wp\/v2\/media\/7793"}],"wp:attachment":[{"href":"https:\/\/www.teehaus-janssen.de\/shop\/wp-json\/wp\/v2\/media?parent=7792"}],"wp:term":[{"taxonomy":"product_brand","embeddable":true,"href":"https:\/\/www.teehaus-janssen.de\/shop\/wp-json\/wp\/v2\/product_brand?post=7792"},{"taxonomy":"product_cat","embeddable":true,"href":"https:\/\/www.teehaus-janssen.de\/shop\/wp-json\/wp\/v2\/product_cat?post=7792"},{"taxonomy":"product_tag","embeddable":true,"href":"https:\/\/www.teehaus-janssen.de\/shop\/wp-json\/wp\/v2\/product_tag?post=7792"}],"curies":[{"name":"wp","href":"https:\/\/api.w.org\/{rel}","templated":true}]}}