{"id":7735,"date":"2019-02-11T17:24:53","date_gmt":"2019-02-11T16:24:53","guid":{"rendered":"https:\/\/www.teehaus-janssen.de\/product\/4116-african-wind-rooibos-tee\/"},"modified":"2025-09-30T09:52:22","modified_gmt":"2025-09-30T07:52:22","slug":"4116-african-wind-rooibos-tee","status":"publish","type":"product","link":"https:\/\/www.teehaus-janssen.de\/shop\/produkt\/4116-african-wind-rooibos-tee\/","title":{"rendered":"4116 &#8211; AFRICAN WIND &#8211; ROOIBOS-TEE"},"content":{"rendered":"<p style=\"font-size: 14px;font-family: Arial, Verdana, Helvetica\"><span style=\"font-size: 14px;font-family: arial, verdana, helvetica\"><strong style=\"font-size: 14px\">Herkunft: <\/strong>erntefrische TEEhaus-Mischung.<\/span><\/p>\n<p style=\"font-size: 14px;font-family: Arial, Verdana, Helvetica\"><span style=\"font-size: 14px;font-family: arial, verdana, helvetica\"><strong style=\"font-size: 14px\">Zutaten:\u00a0<\/strong>Rooibos-Tee Rot, Papayast\u00fccke, Orangenst\u00fccke, Rosenbl\u00fcten, tropisch-fruchtige Aromen.<\/span><\/p>\n","protected":false},"excerpt":{"rendered":"<p><strong>Herkunft: <\/strong>erntefrische TEEhaus-Mischung.<\/p>\n<p><strong>Zutaten:\u00a0<\/strong>Rooibos-Tee Rot, Papayast\u00fccke, Orangenst\u00fccke, Rosenbl\u00fcten, tropisch-fruchtige Aromen.<\/p>\n","protected":false},"featured_media":7736,"template":"","meta":{"_acf_changed":false},"product_brand":[],"product_cat":[319],"product_tag":[],"class_list":{"0":"post-7735","1":"product","2":"type-product","3":"status-publish","4":"has-post-thumbnail","6":"product_cat-4100-4124-rooibos-kraeutertee","7":"pa_menge-50-g","8":"pa_menge-100-g","9":"pa_menge-125-g","10":"pa_menge-250-g","11":"pa_menge-500-g","12":"pa_menge-1-kg","14":"first","15":"instock","16":"taxable","17":"shipping-taxable","18":"purchasable","19":"product-type-variable","20":"has-default-attributes"},"acf":[],"_links":{"self":[{"href":"https:\/\/www.teehaus-janssen.de\/shop\/wp-json\/wp\/v2\/product\/7735","targetHints":{"allow":["GET"]}}],"collection":[{"href":"https:\/\/www.teehaus-janssen.de\/shop\/wp-json\/wp\/v2\/product"}],"about":[{"href":"https:\/\/www.teehaus-janssen.de\/shop\/wp-json\/wp\/v2\/types\/product"}],"wp:featuredmedia":[{"embeddable":true,"href":"https:\/\/www.teehaus-janssen.de\/shop\/wp-json\/wp\/v2\/media\/7736"}],"wp:attachment":[{"href":"https:\/\/www.teehaus-janssen.de\/shop\/wp-json\/wp\/v2\/media?parent=7735"}],"wp:term":[{"taxonomy":"product_brand","embeddable":true,"href":"https:\/\/www.teehaus-janssen.de\/shop\/wp-json\/wp\/v2\/product_brand?post=7735"},{"taxonomy":"product_cat","embeddable":true,"href":"https:\/\/www.teehaus-janssen.de\/shop\/wp-json\/wp\/v2\/product_cat?post=7735"},{"taxonomy":"product_tag","embeddable":true,"href":"https:\/\/www.teehaus-janssen.de\/shop\/wp-json\/wp\/v2\/product_tag?post=7735"}],"curies":[{"name":"wp","href":"https:\/\/api.w.org\/{rel}","templated":true}]}}