{"id":7532,"date":"2019-02-11T17:24:46","date_gmt":"2019-02-11T16:24:46","guid":{"rendered":"https:\/\/www.teehaus-janssen.de\/product\/4004-janssens-sylter-sanfte-brise\/"},"modified":"2025-09-30T09:47:38","modified_gmt":"2025-09-30T07:47:38","slug":"4004-janssens-sylter-sanfte-brise","status":"publish","type":"product","link":"https:\/\/www.teehaus-janssen.de\/shop\/produkt\/4004-janssens-sylter-sanfte-brise\/","title":{"rendered":"4004 &#8211; JANSSENS &#8211; SYLTER SANFTE BRISE"},"content":{"rendered":"<p><strong>Ehemals:<\/strong> Janssens Sylter Brain Fit &#8211; Gr\u00fcn- und Kr\u00e4utertee.<\/p>\n<p style=\"font-size: 11px;font-family: 'Lucida Sans Unicode', 'Lucida Sans', Verdana, Helvetica;line-height: 15px\"><span style=\"font-size: 14px\"><span style=\"font-size: 14px;font-family: arial, verdana, helvetica\"><strong style=\"font-size: 14px\">Herkunft:<\/strong> erntefrische TEEhaus-Mischung.\u00a0<\/span><\/span><\/p>\n<p style=\"font-size: 11px;font-family: 'Lucida Sans Unicode', 'Lucida Sans', Verdana, Helvetica;line-height: 15px\"><span style=\"font-size: 14px\"><span style=\"font-size: 14px;font-family: arial, verdana, helvetica\"><strong>Erl\u00e4uterung:<\/strong> Besondere Kombination belebenden Wei\u00dfen Tees mit direkt vom Ursprung nach Sylt gelieferten Bergkr\u00e4utern aus dem Taygetos-Gebirge Griechenlands. Direkte Lieferung aus Griechenland an uns sichert der Bergb\u00e4uerin den n\u00f6tigen Erl\u00f6s f\u00fcr Biokr\u00e4uter.<\/span><\/span><\/p>\n<p style=\"font-size: 11px;font-family: 'Lucida Sans Unicode', 'Lucida Sans', Verdana, Helvetica;line-height: 15px\"><span style=\"font-size: 14px\"><span style=\"font-size: 14px;font-family: arial, verdana, helvetica\"><strong style=\"font-size: 14px\">Zutaten:<\/strong>\u00a0<\/span><span style=\"font-size: 14px;font-family: arial, verdana, helvetica\">Wei\u00dfer Tee, Olympischer Bergtee (Sideritis scardica), Taygetos-Verbenae, Himbeerbl\u00e4tter, nat\u00fcrliches Aroma.\u00a0<\/span><\/span><\/p>\n<p style=\"font-size: 11px;font-family: 'Lucida Sans Unicode', 'Lucida Sans', Verdana, Helvetica;line-height: 15px\"><strong style=\"font-size: 11px\"><span style=\"font-size: 11px;font-family: arial, verdana, helvetica\"><span style=\"font-size: 14px\">Mild belebend, vanillig-kr\u00e4utrig-erfrischender Geschmack, eine beliebte Gr\u00fcntee-Kr\u00e4uter Komposition.<br \/>\n<\/span><\/span><\/strong><\/p>\n<p class=\"line-height-75 cke-line-height\" style=\"font-size: 11px;font-family: 'Lucida Sans Unicode', 'Lucida Sans', Verdana, Helvetica;margin: 0px 0px 6px;padding: 0px;background: #ffffff\">\n","protected":false},"excerpt":{"rendered":"<p><strong>Ehemals:<\/strong> Janssens Sylter Brain Fit &#8211; Gr\u00fcn- und Kr\u00e4utertee.<\/p>\n<p style=\"font-size: 11px;font-family: 'Lucida Sans Unicode', 'Lucida Sans', Verdana, Helvetica;line-height: 15px\"><span style=\"font-size: 14px\"><span style=\"font-size: 14px;font-family: arial, verdana, helvetica\"><strong style=\"font-size: 14px\">Herkunft:<\/strong> erntefrische TEEhaus-Mischung.\u00a0<\/span><\/span><\/p>\n<p style=\"font-size: 11px;font-family: 'Lucida Sans Unicode', 'Lucida Sans', Verdana, Helvetica;line-height: 15px\"><span style=\"font-size: 14px\"><span style=\"font-size: 14px;font-family: arial, verdana, helvetica\"><strong>Erl\u00e4uterung:<\/strong> Besondere Kombination belebenden Wei\u00dfen Tees mit direkt vom Ursprung nach Sylt gelieferten Bergkr\u00e4utern aus dem Taygetos-Gebirge Griechenlands. Direkte Lieferung aus Griechenland an uns sichert der Bergb\u00e4uerin den n\u00f6tigen Erl\u00f6s f\u00fcr Biokr\u00e4uter.<\/span><\/span><\/p>\n<p style=\"font-size: 11px;font-family: 'Lucida Sans Unicode', 'Lucida Sans', Verdana, Helvetica;line-height: 15px\"><span style=\"font-size: 14px\"><span style=\"font-size: 14px;font-family: arial, verdana, helvetica\"><strong style=\"font-size: 14px\">Zutaten:<\/strong>\u00a0<\/span><span style=\"font-size: 14px;font-family: arial, verdana, helvetica\">Wei\u00dfer Tee, Olympischer Bergtee (Sideritis scardica), Taygetos-Verbenae, Himbeerbl\u00e4tter, nat\u00fcrliches Aroma.\u00a0<\/span><\/span><\/p>\n<p style=\"font-size: 11px;font-family: 'Lucida Sans Unicode', 'Lucida Sans', Verdana, Helvetica;line-height: 15px\"><strong style=\"font-size: 11px\"><span style=\"font-size: 11px;font-family: arial, verdana, helvetica\"><span style=\"font-size: 14px\">Mild belebend, vanillig-kr\u00e4utrig-erfrischender Geschmack, eine beliebte Gr\u00fcntee-Kr\u00e4uter Komposition.<br \/>\n<\/span><\/span><\/strong><\/p>\n<p class=\"line-height-75 cke-line-height\" style=\"font-size: 11px;font-family: 'Lucida Sans Unicode', 'Lucida Sans', Verdana, Helvetica;margin: 0px 0px 6px;padding: 0px;background: #ffffff\">\n","protected":false},"featured_media":7533,"template":"","meta":{"_acf_changed":false},"product_brand":[],"product_cat":[280],"product_tag":[],"class_list":{"0":"post-7532","1":"product","2":"type-product","3":"status-publish","4":"has-post-thumbnail","6":"product_cat-4000-4012-wellness-wohlfuehl-mischungen","7":"pa_menge-50-g","8":"pa_menge-100-g","9":"pa_menge-125-g","10":"pa_menge-250-g","11":"pa_menge-500-g","12":"pa_menge-1-kg","14":"first","15":"instock","16":"featured","17":"taxable","18":"shipping-taxable","19":"purchasable","20":"product-type-variable","21":"has-default-attributes"},"acf":[],"_links":{"self":[{"href":"https:\/\/www.teehaus-janssen.de\/shop\/wp-json\/wp\/v2\/product\/7532","targetHints":{"allow":["GET"]}}],"collection":[{"href":"https:\/\/www.teehaus-janssen.de\/shop\/wp-json\/wp\/v2\/product"}],"about":[{"href":"https:\/\/www.teehaus-janssen.de\/shop\/wp-json\/wp\/v2\/types\/product"}],"wp:featuredmedia":[{"embeddable":true,"href":"https:\/\/www.teehaus-janssen.de\/shop\/wp-json\/wp\/v2\/media\/7533"}],"wp:attachment":[{"href":"https:\/\/www.teehaus-janssen.de\/shop\/wp-json\/wp\/v2\/media?parent=7532"}],"wp:term":[{"taxonomy":"product_brand","embeddable":true,"href":"https:\/\/www.teehaus-janssen.de\/shop\/wp-json\/wp\/v2\/product_brand?post=7532"},{"taxonomy":"product_cat","embeddable":true,"href":"https:\/\/www.teehaus-janssen.de\/shop\/wp-json\/wp\/v2\/product_cat?post=7532"},{"taxonomy":"product_tag","embeddable":true,"href":"https:\/\/www.teehaus-janssen.de\/shop\/wp-json\/wp\/v2\/product_tag?post=7532"}],"curies":[{"name":"wp","href":"https:\/\/api.w.org\/{rel}","templated":true}]}}