{"id":7369,"date":"2019-02-11T16:24:41","date_gmt":"2019-02-11T15:24:41","guid":{"rendered":"https:\/\/www.teehaus-janssen.de\/product\/3102-yogi-teegew-rz\/"},"modified":"2025-09-30T09:43:13","modified_gmt":"2025-09-30T07:43:13","slug":"3102-yogi-teegew-rz","status":"publish","type":"product","link":"https:\/\/www.teehaus-janssen.de\/shop\/produkt\/3102-yogi-teegew-rz\/","title":{"rendered":"3102 &#8211; YOGI-TEEGEW\u00dcRZ"},"content":{"rendered":"<p style=\"font-size: 11px;font-family: 'Lucida Sans Unicode', 'Lucida Sans', Verdana, Helvetica\"><span style=\"font-size: 14px\"><span style=\"font-size: 14px;font-family: arial, verdana, helvetica\"><strong style=\"font-size: 14px\">Herkunft:<\/strong>\u00a0Original indische Gew\u00fcrzmischung.<\/span><\/span><\/p>\n<p style=\"font-size: 11px;font-family: 'Lucida Sans Unicode', 'Lucida Sans', Verdana, Helvetica\"><span style=\"font-size: 14px\"><span style=\"font-size: 14px;font-family: arial, verdana, helvetica\"><strong style=\"font-size: 14px\">Erl\u00e4uterung:\u00a0<\/strong>Das Yogi-Teegew\u00fcrz kann wunderbar vielseitig verwendet werden. Sie k\u00f6nnen es f\u00fcr Milch, Punsch, zum Backen oder als Zusatz zu Ihrem Lieblingstee verwenden. R\u00fcckstandskontrollierter Anbau.<br \/>\n<\/span><\/span><\/p>\n<p style=\"font-size: 11px;font-family: 'Lucida Sans Unicode', 'Lucida Sans', Verdana, Helvetica\"><span style=\"font-size: 14px\"><span style=\"font-size: 14px;font-family: arial, verdana, helvetica\"><strong style=\"font-size: 14px\">Zutaten:\u00a0<\/strong>Kardamom, Zimt, Nelken, Koriander, Safran u. a. orientalische Gew\u00fcrze.<\/span><\/span><\/p>\n<p style=\"font-size: 11px;font-family: 'Lucida Sans Unicode', 'Lucida Sans', Verdana, Helvetica\"><strong style=\"font-size: 11px\"><span style=\"font-size: 14px\"><span style=\"font-size: 14px;font-family: arial, verdana, helvetica\">W\u00fcrzig-orientalisch, s\u00fc\u00dflich, milde Sch\u00e4rfe.<\/span><\/span><\/strong><\/p>\n","protected":false},"excerpt":{"rendered":"<p><strong>Herkunft:<\/strong>\u00a0Original indische Gew\u00fcrzmischung.<\/p>\n<p><strong>Erl\u00e4uterung:\u00a0<\/strong>Das Yogi-Teegew\u00fcrz kann wunderbar vielseitig verwendet werden. Sie k\u00f6nnen es f\u00fcr Milch, Punsch, zum Backen oder als Zusatz zu Ihrem Lieblingstee verwenden. R\u00fcckstandskontrollierter Anbau.<\/p>\n<p><strong>Zutaten:\u00a0<\/strong>Kardamom, Zimt, Nelken, Koriander, Safran u. a. orientalische Gew\u00fcrze.<\/p>\n<p><strong>W\u00fcrzig-orientalisch, s\u00fc\u00dflich, milde Sch\u00e4rfe.<\/strong><\/p>\n","protected":false},"featured_media":7370,"template":"","meta":{"_acf_changed":false},"product_brand":[],"product_cat":[310],"product_tag":[],"class_list":{"0":"post-7369","1":"product","2":"type-product","3":"status-publish","4":"has-post-thumbnail","6":"product_cat-4600-4650-einzelkraeuter-und-pflanzliche-rohstoffe","7":"pa_menge-50-g","8":"pa_menge-100-g","9":"pa_menge-125-g","10":"pa_menge-250-g","11":"pa_menge-500-g","12":"pa_menge-1-kg","14":"first","15":"instock","16":"taxable","17":"shipping-taxable","18":"purchasable","19":"product-type-variable","20":"has-default-attributes"},"acf":[],"_links":{"self":[{"href":"https:\/\/www.teehaus-janssen.de\/shop\/wp-json\/wp\/v2\/product\/7369","targetHints":{"allow":["GET"]}}],"collection":[{"href":"https:\/\/www.teehaus-janssen.de\/shop\/wp-json\/wp\/v2\/product"}],"about":[{"href":"https:\/\/www.teehaus-janssen.de\/shop\/wp-json\/wp\/v2\/types\/product"}],"wp:featuredmedia":[{"embeddable":true,"href":"https:\/\/www.teehaus-janssen.de\/shop\/wp-json\/wp\/v2\/media\/7370"}],"wp:attachment":[{"href":"https:\/\/www.teehaus-janssen.de\/shop\/wp-json\/wp\/v2\/media?parent=7369"}],"wp:term":[{"taxonomy":"product_brand","embeddable":true,"href":"https:\/\/www.teehaus-janssen.de\/shop\/wp-json\/wp\/v2\/product_brand?post=7369"},{"taxonomy":"product_cat","embeddable":true,"href":"https:\/\/www.teehaus-janssen.de\/shop\/wp-json\/wp\/v2\/product_cat?post=7369"},{"taxonomy":"product_tag","embeddable":true,"href":"https:\/\/www.teehaus-janssen.de\/shop\/wp-json\/wp\/v2\/product_tag?post=7369"}],"curies":[{"name":"wp","href":"https:\/\/api.w.org\/{rel}","templated":true}]}}