{"id":7165,"date":"2019-02-11T17:24:33","date_gmt":"2019-02-11T16:24:33","guid":{"rendered":"https:\/\/www.teehaus-janssen.de\/product\/2212-kampener-orange-schwarzer-tee\/"},"modified":"2025-09-30T09:37:19","modified_gmt":"2025-09-30T07:37:19","slug":"2212-kampener-orange-schwarzer-tee","status":"publish","type":"product","link":"https:\/\/www.teehaus-janssen.de\/shop\/produkt\/2212-kampener-orange-schwarzer-tee\/","title":{"rendered":"2212 &#8211; KAMPENER ORANGE &#8211; SCHWARZER TEE"},"content":{"rendered":"<p><b><span style=\"font-size: medium\">Herkunft: <\/span><\/b><span style=\"font-size: medium\">erntefrische TEEhaus-Mischung.<\/span><\/p>\n<p><span style=\"font-family: arial,verdana,helvetica\"><span style=\"font-size: 14px\"><strong>Erk\u00e4uterung: <\/strong>\u200bIndien-, Ceylon-, China-Blend, Bl\u00fcten, Orangenst\u00fccke, aromatisiert.<\/span><\/span><\/p>\n<p><span style=\"font-family: arial,verdana,helvetica\"><span style=\"font-size: 14px\">\u200b<strong>Zutaten: <\/strong>\u200bIndien-, Ceylon-, Chinatee, Orangenst\u00fccke 7 %, Heidebl\u00fcten, nat\u00fcrliches Aroma. <\/span><\/span><\/p>\n<p class=\"line-height-75 cke-line-height\">\n<p>&nbsp;<\/p>\n","protected":false},"excerpt":{"rendered":"<p><b><span style=\"font-size: medium\">Herkunft: <\/span><\/b><span style=\"font-size: medium\">erntefrische TEEhaus-Mischung.<\/span><\/p>\n<p><span style=\"font-family: arial,verdana,helvetica\"><span style=\"font-size: 14px\"><strong>Erk\u00e4uterung: <\/strong>\u200bIndien-, Ceylon-, China-Blend, Bl\u00fcten, Orangenst\u00fccke, aromatisiert.<\/span><\/span><\/p>\n<p><span style=\"font-family: arial,verdana,helvetica\"><span style=\"font-size: 14px\">\u200b<strong>Zutaten: <\/strong>\u200bIndien-, Ceylon-, Chinatee, Orangenst\u00fccke 7 %, Heidebl\u00fcten, nat\u00fcrliches Aroma. <\/span><\/span><\/p>\n<p class=\"line-height-75 cke-line-height\">\n<p>&nbsp;<\/p>\n","protected":false},"featured_media":7166,"template":"","meta":{"_acf_changed":false},"product_brand":[],"product_cat":[307],"product_tag":[],"class_list":{"0":"post-7165","1":"product","2":"type-product","3":"status-publish","4":"has-post-thumbnail","6":"product_cat-2200-2223-schwarzer-tee-aromatisiert","7":"pa_menge-50-g","8":"pa_menge-100-g","9":"pa_menge-125-g","10":"pa_menge-250-g","11":"pa_menge-500-g","12":"pa_menge-1-kg","14":"first","15":"instock","16":"taxable","17":"shipping-taxable","18":"purchasable","19":"product-type-variable","20":"has-default-attributes"},"acf":[],"_links":{"self":[{"href":"https:\/\/www.teehaus-janssen.de\/shop\/wp-json\/wp\/v2\/product\/7165","targetHints":{"allow":["GET"]}}],"collection":[{"href":"https:\/\/www.teehaus-janssen.de\/shop\/wp-json\/wp\/v2\/product"}],"about":[{"href":"https:\/\/www.teehaus-janssen.de\/shop\/wp-json\/wp\/v2\/types\/product"}],"wp:featuredmedia":[{"embeddable":true,"href":"https:\/\/www.teehaus-janssen.de\/shop\/wp-json\/wp\/v2\/media\/7166"}],"wp:attachment":[{"href":"https:\/\/www.teehaus-janssen.de\/shop\/wp-json\/wp\/v2\/media?parent=7165"}],"wp:term":[{"taxonomy":"product_brand","embeddable":true,"href":"https:\/\/www.teehaus-janssen.de\/shop\/wp-json\/wp\/v2\/product_brand?post=7165"},{"taxonomy":"product_cat","embeddable":true,"href":"https:\/\/www.teehaus-janssen.de\/shop\/wp-json\/wp\/v2\/product_cat?post=7165"},{"taxonomy":"product_tag","embeddable":true,"href":"https:\/\/www.teehaus-janssen.de\/shop\/wp-json\/wp\/v2\/product_tag?post=7165"}],"curies":[{"name":"wp","href":"https:\/\/api.w.org\/{rel}","templated":true}]}}