{"id":7043,"date":"2019-02-11T17:24:29","date_gmt":"2019-02-11T16:24:29","guid":{"rendered":"https:\/\/www.teehaus-janssen.de\/product\/2113-keitumer-bio-friesentee\/"},"modified":"2025-09-30T09:34:18","modified_gmt":"2025-09-30T07:34:18","slug":"2113-keitumer-bio-friesentee","status":"publish","type":"product","link":"https:\/\/www.teehaus-janssen.de\/shop\/produkt\/2113-keitumer-bio-friesentee\/","title":{"rendered":"2113 &#8211; KEITUMER BIO FRIESENTEE"},"content":{"rendered":"<p style=\"line-height: 15px\"><span style=\"font-family: arial,verdana,helvetica\"><span style=\"font-size: 14px\"><strong>Herkunft:\u00a0<\/strong>Bio-Teehaus-Blend nach traditioneller &#8222;Kairemer&#8220; (Keitumer) Friesenart.<\/span><\/span><\/p>\n<p style=\"line-height: 15px\"><span style=\"font-family: arial,verdana,helvetica\"><span style=\"font-size: 14px\"><strong>Erl\u00e4uterung:<\/strong> Tee wurde im ersten Sylter M\u00e4\u00dfigkeitsverein ab 1648 durch achtundvierzig Keitumer Frauen auf Empfehlung ihres calvinistischen Predigers zum Volksgetr\u00e4nk und d\u00e4mmte den uns\u00e4glichen Bier- und Branntweinkonsum auf ein zivilisationsfreundliches Ma\u00df ein.<\/span><\/span><\/p>\n<p style=\"line-height: 15px\"><span style=\"font-family: arial,verdana,helvetica\"><span style=\"font-size: 14px\"><strong>Zutaten:\u00a0<\/strong>Darjeeling*, China*, Ceylon, Nilgiri* Schwarztee-Blend. <\/span><\/span><span style=\"font-family: arial,verdana,helvetica\"><span style=\"font-size: 14px\">(* = aus kbA Bio-Anbau)<\/span><\/span><\/p>\n<p style=\"line-height: 15px\"><span style=\"font-family: arial,verdana,helvetica\"><span style=\"font-size: 14px\"><strong>Mittelkr\u00e4ftig, herbfrisch, dunkelgolden, belebende Friesentasse.<\/strong><\/span><\/span><\/p>\n<p class=\"line-height-75 cke-line-height\" style=\"line-height: 15px\"><img decoding=\"async\" class=\"alignnone size-large wp-image-34478\" src=\"https:\/\/www.teehaus-janssen.de\/shop\/wp-content\/uploads\/2025\/02\/Nicht-EU.png\" alt=\"\" \/><\/p>\n","protected":false},"excerpt":{"rendered":"<p><strong>Herkunft:\u00a0<\/strong>Bio-Teehaus-Blend nach traditioneller &#8222;Kairemer&#8220; (Keitumer) Friesenart.<\/p>\n<p><strong>Erl\u00e4uterung:<\/strong> Tee wurde im ersten Sylter M\u00e4\u00dfigkeitsverein ab 1648 durch achtundvierzig Keitumer Frauen auf Empfehlung ihres calvinistischen Predigers zum Volksgetr\u00e4nk und d\u00e4mmte den uns\u00e4glichen Bier- und Branntweinkonsum auf ein zivilisationsfreundliches Ma\u00df ein.<\/p>\n<p><strong>Zutaten:\u00a0<\/strong>Darjeeling*, China*, Ceylon, Nilgiri* Schwarztee-Blend. (* = aus kbA Bio-Anbau)<\/p>\n<p><strong>Mittelkr\u00e4ftig, herbfrisch, dunkelgolden, belebende Friesentasse.<\/strong><\/p>\n<p class=\"line-height-75 cke-line-height\"><img decoding=\"async\" class=\"alignnone size-large wp-image-34478\" src=\"https:\/\/www.teehaus-janssen.de\/shop\/wp-content\/uploads\/2019\/02\/Nicht-EU-700x700.png\" alt=\"\" \/><\/p>\n","protected":false},"featured_media":7044,"template":"","meta":{"_acf_changed":false},"product_brand":[],"product_cat":[304],"product_tag":[],"class_list":{"0":"post-7043","1":"product","2":"type-product","3":"status-publish","4":"has-post-thumbnail","6":"product_cat-2101-2115-friesischer-schwarzer-tee","7":"pa_menge-50-g","8":"pa_menge-100-g","9":"pa_menge-125-g","10":"pa_menge-250-g","11":"pa_menge-500-g","12":"pa_menge-1-kg","14":"first","15":"instock","16":"taxable","17":"shipping-taxable","18":"purchasable","19":"product-type-variable","20":"has-default-attributes"},"acf":[],"_links":{"self":[{"href":"https:\/\/www.teehaus-janssen.de\/shop\/wp-json\/wp\/v2\/product\/7043","targetHints":{"allow":["GET"]}}],"collection":[{"href":"https:\/\/www.teehaus-janssen.de\/shop\/wp-json\/wp\/v2\/product"}],"about":[{"href":"https:\/\/www.teehaus-janssen.de\/shop\/wp-json\/wp\/v2\/types\/product"}],"wp:featuredmedia":[{"embeddable":true,"href":"https:\/\/www.teehaus-janssen.de\/shop\/wp-json\/wp\/v2\/media\/7044"}],"wp:attachment":[{"href":"https:\/\/www.teehaus-janssen.de\/shop\/wp-json\/wp\/v2\/media?parent=7043"}],"wp:term":[{"taxonomy":"product_brand","embeddable":true,"href":"https:\/\/www.teehaus-janssen.de\/shop\/wp-json\/wp\/v2\/product_brand?post=7043"},{"taxonomy":"product_cat","embeddable":true,"href":"https:\/\/www.teehaus-janssen.de\/shop\/wp-json\/wp\/v2\/product_cat?post=7043"},{"taxonomy":"product_tag","embeddable":true,"href":"https:\/\/www.teehaus-janssen.de\/shop\/wp-json\/wp\/v2\/product_tag?post=7043"}],"curies":[{"name":"wp","href":"https:\/\/api.w.org\/{rel}","templated":true}]}}