{"id":6914,"date":"2019-02-11T17:24:25","date_gmt":"2019-02-11T16:24:25","guid":{"rendered":"https:\/\/www.teehaus-janssen.de\/product\/2048-nepal-golden-nepal\/"},"modified":"2025-09-30T09:30:21","modified_gmt":"2025-09-30T07:30:21","slug":"2048-nepal-golden-nepal","status":"publish","type":"product","link":"https:\/\/www.teehaus-janssen.de\/shop\/produkt\/2048-nepal-golden-nepal\/","title":{"rendered":"2048 &#8211; NEPAL &#8211; GOLDEN NEPAL"},"content":{"rendered":"<p style=\"font-size: 11px;font-family: 'Lucida Sans Unicode', 'Lucida Sans', Verdana, Helvetica\"><span style=\"font-size: 11px;font-family: arial, verdana, helvetica\"><span style=\"font-size: 14px\"><strong style=\"font-size: 14px\">Herkunft:\u00a0<\/strong>Nepal-Hochland, Medium-Pfl\u00fcck.<\/span><\/span><\/p>\n<p style=\"font-size: 11px;font-family: 'Lucida Sans Unicode', 'Lucida Sans', Verdana, Helvetica\"><span style=\"font-size: 11px;font-family: arial, verdana, helvetica\"><span style=\"font-size: 14px\"><strong style=\"font-size: 14px\">Erl\u00e4uterung: <\/strong>aus verschiedenen G\u00e4rten der Region. M\u00e4\u00dfiger Gerbs\u00e4ureanteil, bek\u00f6mmlich, r\u00fcckstandsgepr\u00fcft.<\/span><\/span><\/p>\n<p style=\"font-size: 11px;font-family: 'Lucida Sans Unicode', 'Lucida Sans', Verdana, Helvetica\"><span style=\"font-size: 11px;font-family: arial, verdana, helvetica\"><span style=\"font-size: 14px\"><strong style=\"font-size: 14px\">Mild, w\u00fcrzig, aromatisch, golden, belebend.<\/strong><\/span><\/span><\/p>\n","protected":false},"excerpt":{"rendered":"<p><strong>Herkunft:\u00a0<\/strong>Nepal-Hochland, Medium-Pfl\u00fcck.<\/p>\n<p><strong>Erl\u00e4uterung: <\/strong>aus verschiedenen G\u00e4rten der Region. M\u00e4\u00dfiger Gerbs\u00e4ureanteil, bek\u00f6mmlich, r\u00fcckstandsgepr\u00fcft.<\/p>\n<p><strong>Mild, w\u00fcrzig, aromatisch, golden, belebend.<\/strong><\/p>\n","protected":false},"featured_media":6915,"template":"","meta":{"_acf_changed":false},"product_brand":[],"product_cat":[299],"product_tag":[],"class_list":{"0":"post-6914","1":"product","2":"type-product","3":"status-publish","4":"has-post-thumbnail","6":"product_cat-2001-2055-schwarzer-tee-fermentiert","7":"pa_menge-50-g","8":"pa_menge-100-g","9":"pa_menge-125-g","10":"pa_menge-250-g","11":"pa_menge-500-g","12":"pa_menge-1-kg","14":"first","15":"instock","16":"taxable","17":"shipping-taxable","18":"purchasable","19":"product-type-variable","20":"has-default-attributes"},"acf":[],"_links":{"self":[{"href":"https:\/\/www.teehaus-janssen.de\/shop\/wp-json\/wp\/v2\/product\/6914","targetHints":{"allow":["GET"]}}],"collection":[{"href":"https:\/\/www.teehaus-janssen.de\/shop\/wp-json\/wp\/v2\/product"}],"about":[{"href":"https:\/\/www.teehaus-janssen.de\/shop\/wp-json\/wp\/v2\/types\/product"}],"wp:featuredmedia":[{"embeddable":true,"href":"https:\/\/www.teehaus-janssen.de\/shop\/wp-json\/wp\/v2\/media\/6915"}],"wp:attachment":[{"href":"https:\/\/www.teehaus-janssen.de\/shop\/wp-json\/wp\/v2\/media?parent=6914"}],"wp:term":[{"taxonomy":"product_brand","embeddable":true,"href":"https:\/\/www.teehaus-janssen.de\/shop\/wp-json\/wp\/v2\/product_brand?post=6914"},{"taxonomy":"product_cat","embeddable":true,"href":"https:\/\/www.teehaus-janssen.de\/shop\/wp-json\/wp\/v2\/product_cat?post=6914"},{"taxonomy":"product_tag","embeddable":true,"href":"https:\/\/www.teehaus-janssen.de\/shop\/wp-json\/wp\/v2\/product_tag?post=6914"}],"curies":[{"name":"wp","href":"https:\/\/api.w.org\/{rel}","templated":true}]}}

<p style="font-size: 11px;font-family: 'Lucida Sans Unicode', 'Lucida Sans', Verdana, Helvetica"><span style="font-size: 11px;font-family: arial, verdana, helvetica"><span style="font-size: 14px"><strong style="font-size: 14px">Herkunft: </strong>Nepal-Hochland, Medium-Pflück.</span></span></p>
<p style="font-size: 11px;font-family: 'Lucida Sans Unicode', 'Lucida Sans', Verdana, Helvetica"><span style="font-size: 11px;font-family: arial, verdana, helvetica"><span style="font-size: 14px"><strong style="font-size: 14px">Erläuterung: </strong>aus verschiedenen Gärten der Region. Mäßiger Gerbsäureanteil, bekömmlich, rückstandsgeprüft.</span></span></p>
<p style="font-size: 11px;font-family: 'Lucida Sans Unicode', 'Lucida Sans', Verdana, Helvetica"><span style="font-size: 11px;font-family: arial, verdana, helvetica"><span style="font-size: 14px"><strong style="font-size: 14px">Mild, würzig, aromatisch, golden, belebend.</strong></span></span></p>

<p><strong>Herkunft: </strong>Nepal-Hochland, Medium-Pflück.</p>
<p><strong>Erläuterung: </strong>aus verschiedenen Gärten der Region. Mäßiger Gerbsäureanteil, bekömmlich, rückstandsgeprüft.</p>
<p><strong>Mild, würzig, aromatisch, golden, belebend.</strong></p>
