{"id":6493,"date":"2019-02-11T17:24:12","date_gmt":"2019-02-11T16:24:12","guid":{"rendered":"https:\/\/www.teehaus-janssen.de\/product\/0100-janssens-gruene-welle\/"},"modified":"2026-04-02T09:22:55","modified_gmt":"2026-04-02T07:22:55","slug":"0100-janssens-gruene-welle","status":"publish","type":"product","link":"https:\/\/www.teehaus-janssen.de\/shop\/produkt\/0100-janssens-gruene-welle\/","title":{"rendered":"0100 &#8211; JANSSENS  GR\u00dcNE WELLE \u00ae"},"content":{"rendered":"<p style=\"font-size: 11px;font-family: 'Lucida Sans Unicode', 'Lucida Sans', Verdana, Helvetica\"><strong style=\"font-size: 14px;font-family: arial, verdana, helvetica\">Der Tee zum Durchstarten \u2026<\/strong><\/p>\n<p style=\"font-size: 11px;font-family: 'Lucida Sans Unicode', 'Lucida Sans', Verdana, Helvetica\"><span style=\"font-size: 11px;font-family: arial, verdana, helvetica\"><span style=\"font-size: 14px\"><strong>Herkunft:<\/strong> exklusiv im TEEhaus zusammengestellt aus erntefrischen Rohstoffen.<\/span><\/span><\/p>\n<p style=\"font-size: 11px;font-family: 'Lucida Sans Unicode', 'Lucida Sans', Verdana, Helvetica\"><span style=\"font-size: 11px;font-family: arial, verdana, helvetica\"><span style=\"font-size: 14px\"><strong style=\"font-size: 14px\">Erl\u00e4uterung:<\/strong>\u00a0Wei\u00dfer Tee nat\u00fcrlich aromatisiert. Eine sinnvolle Verbindung von Wei\u00dfem\u00a0Tee und erlesenen Kr\u00e4utertees. Unter Gr\u00fcntee-Einsteigern sowie bei langj\u00e4hrigen Gr\u00fcntee-Liebhabern ist diese Sorte gleicherma\u00dfen beliebt.<\/span><\/span><\/p>\n<p style=\"font-size: 11px;font-family: 'Lucida Sans Unicode', 'Lucida Sans', Verdana, Helvetica\"><strong style=\"font-family: 'Lucida Sans Unicode', 'Lucida Sans', Verdana, Helvetica;font-size: 11px\"><span style=\"font-size: 14px\"><span style=\"font-size: 14px;font-family: arial, verdana, helvetica\">Zutaten:\u00a0<\/span><\/span><\/strong><span style=\"font-family: arial, verdana, helvetica;font-size: 14px\">Wei\u00dfer Tee, <\/span><span style=\"font-family: arial, verdana, helvetica;font-size: 14px\">Himbeerbl\u00e4tter, <\/span><span style=\"font-family: arial, verdana, helvetica;font-size: 14px\">Brombeerbl\u00e4tter, Holunderbl\u00fcten, Melissenbl\u00e4tter, Wei\u00dfdornbl\u00fcten und -bl\u00e4tter, Kornblumen-\/Malvenbl\u00fcten, Hopfenbl\u00fcten, Atlantik Spirulina-Algen, nat\u00fcrliches Aroma.<\/span><\/p>\n<p class=\"line-height-75 cke-line-height\" style=\"font-size: 11px;font-family: 'Lucida Sans Unicode', 'Lucida Sans', Verdana, Helvetica\">\n","protected":false},"excerpt":{"rendered":"<p><strong>Der Tee zum Durchstarten \u2026<\/strong><\/p>\n<p><strong>Herkunft:<\/strong> exklusiv im TEEhaus zusammengestellt aus erntefrischen Rohstoffen.<\/p>\n<p><strong>Erl\u00e4uterung:<\/strong>\u00a0Wei\u00dfer Tee nat\u00fcrlich aromatisiert. Eine sinnvolle Verbindung von Wei\u00dfem\u00a0Tee und erlesenen Kr\u00e4utertees. Unter Gr\u00fcntee-Einsteigern sowie bei langj\u00e4hrigen Gr\u00fcntee-Liebhabern ist diese Sorte gleicherma\u00dfen beliebt.<\/p>\n<p><strong>Zutaten:\u00a0<\/strong>Wei\u00dfer Tee, Himbeerbl\u00e4tter, Brombeerbl\u00e4tter, Holunderbl\u00fcten, Melissenbl\u00e4tter, Wei\u00dfdornbl\u00fcten und -bl\u00e4tter, Kornblumen-\/Malvenbl\u00fcten, Hopfenbl\u00fcten, Atlantik Spirulina-Algen, nat\u00fcrliches Aroma.<\/p>\n<p class=\"line-height-75 cke-line-height\">\n","protected":false},"featured_media":6494,"template":"","meta":{"_acf_changed":false},"product_brand":[481],"product_cat":[480,279,280],"product_tag":[],"class_list":{"0":"post-6493","1":"product","2":"type-product","3":"status-publish","4":"has-post-thumbnail","6":"product_brand-nl0100a","7":"product_cat-unsere-highlights","8":"product_cat-0100-0120-gruener-weisser-tee-aromatisiert","9":"product_cat-4000-4012-wellness-wohlfuehl-mischungen","10":"pa_menge-50-g","11":"pa_menge-100-g","12":"pa_menge-125-g","13":"pa_menge-250-g","14":"pa_menge-500-g","15":"pa_menge-1-kg","17":"first","18":"instock","19":"featured","20":"taxable","21":"shipping-taxable","22":"purchasable","23":"product-type-variable"},"acf":[],"_links":{"self":[{"href":"https:\/\/www.teehaus-janssen.de\/shop\/wp-json\/wp\/v2\/product\/6493","targetHints":{"allow":["GET"]}}],"collection":[{"href":"https:\/\/www.teehaus-janssen.de\/shop\/wp-json\/wp\/v2\/product"}],"about":[{"href":"https:\/\/www.teehaus-janssen.de\/shop\/wp-json\/wp\/v2\/types\/product"}],"wp:featuredmedia":[{"embeddable":true,"href":"https:\/\/www.teehaus-janssen.de\/shop\/wp-json\/wp\/v2\/media\/6494"}],"wp:attachment":[{"href":"https:\/\/www.teehaus-janssen.de\/shop\/wp-json\/wp\/v2\/media?parent=6493"}],"wp:term":[{"taxonomy":"product_brand","embeddable":true,"href":"https:\/\/www.teehaus-janssen.de\/shop\/wp-json\/wp\/v2\/product_brand?post=6493"},{"taxonomy":"product_cat","embeddable":true,"href":"https:\/\/www.teehaus-janssen.de\/shop\/wp-json\/wp\/v2\/product_cat?post=6493"},{"taxonomy":"product_tag","embeddable":true,"href":"https:\/\/www.teehaus-janssen.de\/shop\/wp-json\/wp\/v2\/product_tag?post=6493"}],"curies":[{"name":"wp","href":"https:\/\/api.w.org\/{rel}","templated":true}]}}

0100 &#8211; JANSSENS  GRÜNE WELLE ®

<p style="font-size: 11px;font-family: 'Lucida Sans Unicode', 'Lucida Sans', Verdana, Helvetica"><strong style="font-size: 14px;font-family: arial, verdana, helvetica">Der Tee zum Durchstarten …</strong></p>
<p style="font-size: 11px;font-family: 'Lucida Sans Unicode', 'Lucida Sans', Verdana, Helvetica"><span style="font-size: 11px;font-family: arial, verdana, helvetica"><span style="font-size: 14px"><strong>Herkunft:</strong> exklusiv im TEEhaus zusammengestellt aus erntefrischen Rohstoffen.</span></span></p>
<p style="font-size: 11px;font-family: 'Lucida Sans Unicode', 'Lucida Sans', Verdana, Helvetica"><span style="font-size: 11px;font-family: arial, verdana, helvetica"><span style="font-size: 14px"><strong style="font-size: 14px">Erläuterung:</strong> Weißer Tee natürlich aromatisiert. Eine sinnvolle Verbindung von Weißem Tee und erlesenen Kräutertees. Unter Grüntee-Einsteigern sowie bei langjährigen Grüntee-Liebhabern ist diese Sorte gleichermaßen beliebt.</span></span></p>
<p style="font-size: 11px;font-family: 'Lucida Sans Unicode', 'Lucida Sans', Verdana, Helvetica"><strong style="font-family: 'Lucida Sans Unicode', 'Lucida Sans', Verdana, Helvetica;font-size: 11px"><span style="font-size: 14px"><span style="font-size: 14px;font-family: arial, verdana, helvetica">Zutaten: </span></span></strong><span style="font-family: arial, verdana, helvetica;font-size: 14px">Weißer Tee, </span><span style="font-family: arial, verdana, helvetica;font-size: 14px">Himbeerblätter, </span><span style="font-family: arial, verdana, helvetica;font-size: 14px">Brombeerblätter, Holunderblüten, Melissenblätter, Weißdornblüten und -blätter, Kornblumen-/Malvenblüten, Hopfenblüten, Atlantik Spirulina-Algen, natürliches Aroma.</span></p>
<p class="line-height-75 cke-line-height" style="font-size: 11px;font-family: 'Lucida Sans Unicode', 'Lucida Sans', Verdana, Helvetica">

<p><strong>Der Tee zum Durchstarten …</strong></p>
<p><strong>Herkunft:</strong> exklusiv im TEEhaus zusammengestellt aus erntefrischen Rohstoffen.</p>
<p><strong>Erläuterung:</strong> Weißer Tee natürlich aromatisiert. Eine sinnvolle Verbindung von Weißem Tee und erlesenen Kräutertees. Unter Grüntee-Einsteigern sowie bei langjährigen Grüntee-Liebhabern ist diese Sorte gleichermaßen beliebt.</p>
<p><strong>Zutaten: </strong>Weißer Tee, Himbeerblätter, Brombeerblätter, Holunderblüten, Melissenblätter, Weißdornblüten und -blätter, Kornblumen-/Malvenblüten, Hopfenblüten, Atlantik Spirulina-Algen, natürliches Aroma.</p>
<p class="line-height-75 cke-line-height">
