{"id":6360,"date":"2019-02-11T17:24:07","date_gmt":"2019-02-11T16:24:07","guid":{"rendered":"https:\/\/www.teehaus-janssen.de\/product\/0023-china-yiu-hua-mao-feng-weisser-tee\/"},"modified":"2025-09-30T09:11:33","modified_gmt":"2025-09-30T07:11:33","slug":"0023-china-yiu-hua-mao-feng-weisser-tee","status":"publish","type":"product","link":"https:\/\/www.teehaus-janssen.de\/shop\/produkt\/0023-china-yiu-hua-mao-feng-weisser-tee\/","title":{"rendered":"0023 &#8211; CHINA &#8211; YIU HUA MAO FENG &#8211; WEISSER TEE"},"content":{"rendered":"<p style=\"font-size: 11px;font-family: 'Lucida Sans Unicode', 'Lucida Sans', Verdana, Helvetica\"><span style=\"font-size: 11px;font-family: arial, verdana, helvetica\"><span style=\"font-size: 14px\"><strong style=\"font-size: 14px\">Herkunft:<\/strong>\u00a0China-Fukien, highgrown, Fr\u00fchlingspfl\u00fcckung.<\/span><\/span><\/p>\n<p style=\"font-size: 11px;font-family: 'Lucida Sans Unicode', 'Lucida Sans', Verdana, Helvetica\"><span style=\"font-size: 11px;font-family: arial, verdana, helvetica\"><span style=\"font-size: 14px\"><strong style=\"font-size: 14px\">Erl\u00e4uterung:<\/strong>\u00a0Sch\u00f6nes M\u00e4dchen im Fr\u00fchling. Stoneground Nebeltau-Pfl\u00fcck. Wei\u00dfpelzig (&#8222;Mao-Feng&#8220;) behaart. Im Wok von Hand getrocknet und gerollt.<\/span><\/span><\/p>\n<p style=\"font-size: 11px;font-family: 'Lucida Sans Unicode', 'Lucida Sans', Verdana, Helvetica\"><span style=\"font-size: 11px;font-family: arial, verdana, helvetica\"><span style=\"font-size: 14px\"><strong style=\"font-size: 14px\">Zartblumig-duftig, belebend. Rarit\u00e4t.<\/strong><\/span><\/span><\/p>\n","protected":false},"excerpt":{"rendered":"<p><strong>Herkunft:<\/strong>\u00a0China-Fukien, highgrown, Fr\u00fchlingspfl\u00fcckung.<\/p>\n<p><strong>Erl\u00e4uterung:<\/strong>\u00a0Sch\u00f6nes M\u00e4dchen im Fr\u00fchling. Stoneground Nebeltau-Pfl\u00fcck. Wei\u00dfpelzig (&#8222;Mao-Feng&#8220;) behaart. Im Wok von Hand getrocknet und gerollt.<\/p>\n<p><strong>Zartblumig-duftig, belebend. Rarit\u00e4t.<\/strong><\/p>\n","protected":false},"featured_media":6361,"template":"","meta":{"_acf_changed":false},"product_brand":[],"product_cat":[276],"product_tag":[],"class_list":{"0":"post-6360","1":"product","2":"type-product","3":"status-publish","4":"has-post-thumbnail","6":"product_cat-0001-0049-gruener-weisser-tee-unfermentiert","7":"pa_menge-50-g","8":"pa_menge-100-g","9":"pa_menge-125-g","10":"pa_menge-250-g","11":"pa_menge-500-g","12":"pa_menge-1-kg","14":"first","15":"instock","16":"taxable","17":"shipping-taxable","18":"purchasable","19":"product-type-variable","20":"has-default-attributes"},"acf":[],"_links":{"self":[{"href":"https:\/\/www.teehaus-janssen.de\/shop\/wp-json\/wp\/v2\/product\/6360","targetHints":{"allow":["GET"]}}],"collection":[{"href":"https:\/\/www.teehaus-janssen.de\/shop\/wp-json\/wp\/v2\/product"}],"about":[{"href":"https:\/\/www.teehaus-janssen.de\/shop\/wp-json\/wp\/v2\/types\/product"}],"wp:featuredmedia":[{"embeddable":true,"href":"https:\/\/www.teehaus-janssen.de\/shop\/wp-json\/wp\/v2\/media\/6361"}],"wp:attachment":[{"href":"https:\/\/www.teehaus-janssen.de\/shop\/wp-json\/wp\/v2\/media?parent=6360"}],"wp:term":[{"taxonomy":"product_brand","embeddable":true,"href":"https:\/\/www.teehaus-janssen.de\/shop\/wp-json\/wp\/v2\/product_brand?post=6360"},{"taxonomy":"product_cat","embeddable":true,"href":"https:\/\/www.teehaus-janssen.de\/shop\/wp-json\/wp\/v2\/product_cat?post=6360"},{"taxonomy":"product_tag","embeddable":true,"href":"https:\/\/www.teehaus-janssen.de\/shop\/wp-json\/wp\/v2\/product_tag?post=6360"}],"curies":[{"name":"wp","href":"https:\/\/api.w.org\/{rel}","templated":true}]}}