{"id":6220,"date":"2019-02-11T17:24:03","date_gmt":"2019-02-11T16:24:03","guid":{"rendered":"https:\/\/www.teehaus-janssen.de\/product\/0004-bio-china-lung-ching-superior-guter-drache-gruener-tee\/"},"modified":"2025-10-09T17:07:20","modified_gmt":"2025-10-09T15:07:20","slug":"0004-china-bio-lung-ching-superior-guter-drache","status":"publish","type":"product","link":"https:\/\/www.teehaus-janssen.de\/shop\/produkt\/0004-china-bio-lung-ching-superior-guter-drache\/","title":{"rendered":"0004 &#8211; BIO CHINA &#8211; LUNG CHING SUPERIOR\/GUTER DRACHE &#8211; GR\u00dcNER TEE"},"content":{"rendered":"<p><strong>Herkunft:\u00a0<\/strong>China-Zhejiang, mediumgrown, Hochgebirgs-Fr\u00fchlingspfl\u00fcck von den hoch gelegenen H\u00e4ngen am &#8222;West Lake&#8220; bei Hanzhou (Kloster am Drachenbrunnen). <\/p>\n<p><strong>Erl\u00e4uterung:<\/strong>\u00a0Guter Drache. Sch\u00f6nstes, handgearbeitetes, flach geformtes Blatt. Eine TOP-RARIT\u00c4T.<\/p>\n<p><strong>Mittelkr\u00e4ftige, aromatisch nussige, hellgr\u00fcne, belebende Tasse mit angenehmem Nachklang.<\/strong><\/p>\n<p><strong><\/strong><strong><u>ACHTUNG:<\/u><\/strong>\u00a0Die bisherige Nr. 0004\u00a0hat neuerntig einen wesentlich h\u00f6heren Preis. Wir haben uns wie folgt entschieden: &#8211; Art.Nr. 0004 als h\u00f6chsten Qualit\u00e4tsstandard, zu neuem Preis. <a href=\"\/shop\/produkt\/0004-bio-china-lung-ching-superior-guter-drache-gruener-tee\/\" title=\"Art.Nr. 0005\">&#8211; Art.Nr. 0005 aus mittlerem Qualit\u00e4tsstandard, wesentlich g\u00fcnstiger.<\/a><\/p>\n<p><img decoding=\"async\" class=\"alignnone size-large wp-image-34478\" src=\"\/shop\/wp-content\/uploads\/2025\/02\/Nicht-EU.png\" alt=\"DE-\u00d6KO-006 - Nicht-EU-Landwirtschaft\" \/><\/p>\n","protected":false},"excerpt":{"rendered":"<p><strong>Herkunft:\u00a0<\/strong>China-Zhejiang, mediumgrown, Hochgebirgs-Fr\u00fchlingspfl\u00fcck von den hoch gelegenen H\u00e4ngen am &#8222;West Lake&#8220; bei Hanzhou (Kloster am Drachenbrunnen). <\/p>\n<p><strong>Erl\u00e4uterung:<\/strong>\u00a0Guter Drache. Sch\u00f6nstes, handgearbeitetes, flach geformtes Blatt. Eine TOP-RARIT\u00c4T.<\/p>\n<p><strong>Mittelkr\u00e4ftige, aromatisch nussige, hellgr\u00fcne, belebende Tasse mit angenehmem Nachklang.<\/strong><\/p>\n<p><strong><\/strong><strong><u>ACHTUNG:<\/u><\/strong>\u00a0Die bisherige Nr. 0004\u00a0hat neuerntig einen wesentlich h\u00f6heren Preis. Wir haben uns wie folgt entschieden: &#8211; Art.Nr. 0004 als h\u00f6chsten Qualit\u00e4tsstandard, zu neuem Preis. <a href=\"https:\/\/www.teehaus-janssen.de\/shop\/produkt\/0005-china-bio-lung-ching-medium-guter-drache\/\">&#8211; Art.Nr. 0005 aus mittlerem Qualit\u00e4tsstandard, wesentlich g\u00fcnstiger.<\/a><\/p>\n<p><img decoding=\"async\" class=\"alignnone size-large wp-image-34478\" src=\"https:\/\/www.teehaus-janssen.de\/shop\/wp-content\/uploads\/2019\/02\/Nicht-EU-700x700.png\" alt=\"DE-\u00d6KO-006 - Nicht-EU-Landwirtschaft\" \/><\/p>\n","protected":false},"featured_media":6221,"template":"","meta":{"_acf_changed":false},"product_brand":[],"product_cat":[276],"product_tag":[],"class_list":{"0":"post-6220","1":"product","2":"type-product","3":"status-publish","4":"has-post-thumbnail","6":"product_cat-0001-0049-gruener-weisser-tee-unfermentiert","7":"pa_menge-50-g","8":"pa_menge-100-g","9":"pa_menge-125-g","10":"pa_menge-250-g","11":"pa_menge-500-g","12":"pa_menge-1-kg","14":"first","15":"instock","16":"taxable","17":"shipping-taxable","18":"purchasable","19":"product-type-variable"},"acf":[],"_links":{"self":[{"href":"https:\/\/www.teehaus-janssen.de\/shop\/wp-json\/wp\/v2\/product\/6220","targetHints":{"allow":["GET"]}}],"collection":[{"href":"https:\/\/www.teehaus-janssen.de\/shop\/wp-json\/wp\/v2\/product"}],"about":[{"href":"https:\/\/www.teehaus-janssen.de\/shop\/wp-json\/wp\/v2\/types\/product"}],"wp:featuredmedia":[{"embeddable":true,"href":"https:\/\/www.teehaus-janssen.de\/shop\/wp-json\/wp\/v2\/media\/6221"}],"wp:attachment":[{"href":"https:\/\/www.teehaus-janssen.de\/shop\/wp-json\/wp\/v2\/media?parent=6220"}],"wp:term":[{"taxonomy":"product_brand","embeddable":true,"href":"https:\/\/www.teehaus-janssen.de\/shop\/wp-json\/wp\/v2\/product_brand?post=6220"},{"taxonomy":"product_cat","embeddable":true,"href":"https:\/\/www.teehaus-janssen.de\/shop\/wp-json\/wp\/v2\/product_cat?post=6220"},{"taxonomy":"product_tag","embeddable":true,"href":"https:\/\/www.teehaus-janssen.de\/shop\/wp-json\/wp\/v2\/product_tag?post=6220"}],"curies":[{"name":"wp","href":"https:\/\/api.w.org\/{rel}","templated":true}]}}